{"id":7836,"date":"2015-03-23T22:58:58","date_gmt":"2015-03-23T20:58:58","guid":{"rendered":"http:\/\/www.slovackio.vilniausr.lm.lt\/?page_id=7836"},"modified":"2023-10-01T08:43:57","modified_gmt":"2023-10-01T06:43:57","slug":"pradinis-ugdymas","status":"publish","type":"page","link":"https:\/\/www.slovackio.vilniausr.lm.lt\/?page_id=7836","title":{"rendered":"Pradinis ugdymas"},"content":{"rendered":"<p><\/p>\n<p style=\"text-align: justify;\"><span style=\"color: #000080;\"><strong>Pradinio ugdymo paskirtis<\/strong><\/span> \u2013 suteikti vaikui dorin\u0117s ir socialin\u0117s brandos pradmenis, kult\u016bros, taip pat ir etnin\u0117s, pagrindus, elementar\u0173 ra\u0161tingum\u0105, pad\u0117ti jam pasirengti mokytis pagal pagrindinio ugdymo program\u0105.<\/p>\n<p>Pradinio ugdymo programa gimnazijoje \u012fgyvendinama remiantis Pradinio ugdymo bendrosiomis programomis:<\/p>\n<p><span style=\"color: #000080;\"><a style=\"color: #000080;\" href=\"https:\/\/www.e-tar.lt\/portal\/lt\/legalAct\/1a764050239511edb4cae1b158f98ea5\">https:\/\/www.e-tar.lt\/portal\/lt\/legalAct\/1a764050239511edb4cae1b158f98ea5<\/a><\/span><\/p>\n<p>Daugiau informacijos apie pradin\u012f ugdym\u0105 Vilniaus rajono savivaldyb\u0117s interneto svetain\u0117je:<\/p>\n<p><span style=\"color: #000080;\"><a style=\"color: #000080;\" href=\"https:\/\/www.vrsa.lt\/svietimas\/bendrasis-ir-neformalusis-ugdymas\/bendrasis-ugdymas\/930\">https:\/\/www.vrsa.lt\/svietimas\/bendrasis-ir-neformalusis-ugdymas\/bendrasis-ugdymas\/930<\/a><\/span> bei \u0160vietimo, mokslo ir sporto ministerijos interneto svetain\u0117je: <span style=\"color: #000080;\"><a style=\"color: #000080;\" href=\"https:\/\/smsm.lrv.lt\/lt\/veiklos-sritys-1\/smm-svietimas\/svietimas-pradinis-ugdymas\">https:\/\/smsm.lrv.lt\/lt\/veiklos-sritys-1\/smm-svietimas\/svietimas-pradinis-ugdymas<\/a><\/span><\/p>","protected":false},"excerpt":{"rendered":"<p>Pradinio ugdymo paskirtis \u2013 suteikti vaikui dorin\u0117s ir socialin\u0117s brandos pradmenis, kult\u016bros, taip pat ir etnin\u0117s, pagrindus, elementar\u0173 ra\u0161tingum\u0105, pad\u0117ti jam pasirengti mokytis pagal pagrindinio ugdymo program\u0105. Pradinio ugdymo programa gimnazijoje \u012fgyvendinama remiantis Pradinio ugdymo bendrosiomis programomis: https:\/\/www.e-tar.lt\/portal\/lt\/legalAct\/1a764050239511edb4cae1b158f98ea5 Daugiau informacijos apie pradin\u012f ugdym\u0105 Vilniaus rajono savivaldyb\u0117s interneto svetain\u0117je: https:\/\/www.vrsa.lt\/svietimas\/bendrasis-ir-neformalusis-ugdymas\/bendrasis-ugdymas\/930 bei \u0160vietimo, mokslo ir sporto ministerijos interneto svetain\u0117je: https:\/\/smsm.lrv.lt\/lt\/veiklos-sritys-1\/smm-svietimas\/svietimas-pradinis-ugdymas<\/p>\n","protected":false},"author":1,"featured_media":0,"parent":108,"menu_order":3,"comment_status":"closed","ping_status":"closed","template":"","meta":{"footnotes":""},"class_list":["post-7836","page","type-page","status-publish","hentry"],"jetpack_sharing_enabled":true,"_links":{"self":[{"href":"https:\/\/www.slovackio.vilniausr.lm.lt\/index.php?rest_route=\/wp\/v2\/pages\/7836","targetHints":{"allow":["GET"]}}],"collection":[{"href":"https:\/\/www.slovackio.vilniausr.lm.lt\/index.php?rest_route=\/wp\/v2\/pages"}],"about":[{"href":"https:\/\/www.slovackio.vilniausr.lm.lt\/index.php?rest_route=\/wp\/v2\/types\/page"}],"author":[{"embeddable":true,"href":"https:\/\/www.slovackio.vilniausr.lm.lt\/index.php?rest_route=\/wp\/v2\/users\/1"}],"replies":[{"embeddable":true,"href":"https:\/\/www.slovackio.vilniausr.lm.lt\/index.php?rest_route=%2Fwp%2Fv2%2Fcomments&post=7836"}],"version-history":[{"count":38,"href":"https:\/\/www.slovackio.vilniausr.lm.lt\/index.php?rest_route=\/wp\/v2\/pages\/7836\/revisions"}],"predecessor-version":[{"id":27786,"href":"https:\/\/www.slovackio.vilniausr.lm.lt\/index.php?rest_route=\/wp\/v2\/pages\/7836\/revisions\/27786"}],"up":[{"embeddable":true,"href":"https:\/\/www.slovackio.vilniausr.lm.lt\/index.php?rest_route=\/wp\/v2\/pages\/108"}],"wp:attachment":[{"href":"https:\/\/www.slovackio.vilniausr.lm.lt\/index.php?rest_route=%2Fwp%2Fv2%2Fmedia&parent=7836"}],"curies":[{"name":"wp","href":"https:\/\/api.w.org\/{rel}","templated":true}]}}