{"id":6516,"date":"2014-10-27T09:21:49","date_gmt":"2014-10-27T07:21:49","guid":{"rendered":"http:\/\/www.slovackio.vilniausr.lm.lt\/?page_id=6516"},"modified":"2020-09-20T09:02:40","modified_gmt":"2020-09-20T07:02:40","slug":"anglu-kalbos-burelis-mazieji-europieciai","status":"publish","type":"page","link":"https:\/\/www.slovackio.vilniausr.lm.lt\/?page_id=6516","title":{"rendered":"Angl\u0173 kalbos b\u016brelis &#8222;Ma\u017eieji europie\u010diai&#8221;"},"content":{"rendered":"<p><\/p>\n<p style=\"text-align: justify;\">Angl\u0173 kalbos b\u016brelis \u201eMa\u017eieji europie\u010diai\u201c yra skirtas pradini\u0173 klasi\u0173 mokiniams. B\u016brelio tikslas yra i\u0161ugdyti elementari\u0105 angl\u0173 kalbos komunikacin\u0119 kompetencij\u0105. U\u017esi\u0117mim\u0173 metu mokiniai atlieka daug k\u016brybini\u0173 u\u017eduo\u010di\u0173, \u017eaid\u017eia, pie\u0161ia, dainuoja,&nbsp; i\u0161moksta \u017eod\u017eius, susijusius su artimiausia aplinka.<\/p>\n<p style=\"text-align: right;\"><strong><span style=\"color: #008000;\">&nbsp; B\u016brelio vadov\u0117 Anna Fedorovi\u010d&nbsp;<\/span><\/strong><\/p>\n<p><a href=\"https:\/\/www.slovackio.vilniausr.lm.lt\/wp-content\/uploads\/2014\/10\/1-KLASA.jpg\" rel=\"lightbox[6516]\"><img loading=\"lazy\" decoding=\"async\" class=\"size-medium wp-image-13276 alignleft\" src=\"https:\/\/www.slovackio.vilniausr.lm.lt\/wp-content\/uploads\/2014\/10\/1-KLASA-300x225.jpg\" alt=\"\" width=\"300\" height=\"225\" srcset=\"https:\/\/www.slovackio.vilniausr.lm.lt\/wp-content\/uploads\/2014\/10\/1-KLASA-300x225.jpg 300w, https:\/\/www.slovackio.vilniausr.lm.lt\/wp-content\/uploads\/2014\/10\/1-KLASA-768x576.jpg 768w, https:\/\/www.slovackio.vilniausr.lm.lt\/wp-content\/uploads\/2014\/10\/1-KLASA.jpg 960w\" sizes=\"auto, (max-width: 300px) 100vw, 300px\" \/><\/a><a href=\"https:\/\/www.slovackio.vilniausr.lm.lt\/wp-content\/uploads\/2014\/10\/IMG_1718.jpg\" rel=\"lightbox[6516]\"><img loading=\"lazy\" decoding=\"async\" class=\"alignleft size-medium wp-image-13277\" src=\"https:\/\/www.slovackio.vilniausr.lm.lt\/wp-content\/uploads\/2014\/10\/IMG_1718-300x222.jpg\" alt=\"\" width=\"300\" height=\"222\" srcset=\"https:\/\/www.slovackio.vilniausr.lm.lt\/wp-content\/uploads\/2014\/10\/IMG_1718-300x222.jpg 300w, https:\/\/www.slovackio.vilniausr.lm.lt\/wp-content\/uploads\/2014\/10\/IMG_1718-768x569.jpg 768w, https:\/\/www.slovackio.vilniausr.lm.lt\/wp-content\/uploads\/2014\/10\/IMG_1718.jpg 1024w\" sizes=\"auto, (max-width: 300px) 100vw, 300px\" \/><\/a><\/p>\n<p>&nbsp;<\/p>\n<p>&nbsp;<\/p>\n<p>&nbsp;<\/p>\n<p>&nbsp;<\/p>\n<p>&nbsp;<\/p>\n<p>&nbsp;<\/p>\n<p>&nbsp;<\/p>\n<p>&nbsp;<\/p>\n<p><a href=\"https:\/\/www.slovackio.vilniausr.lm.lt\/wp-content\/uploads\/2014\/10\/europieciai12017.jpg\" rel=\"lightbox[6516]\"><img loading=\"lazy\" decoding=\"async\" class=\"size-thumbnail wp-image-13281 alignleft\" src=\"https:\/\/www.slovackio.vilniausr.lm.lt\/wp-content\/uploads\/2014\/10\/europieciai12017-150x150.jpg\" alt=\"\" width=\"150\" height=\"150\" srcset=\"https:\/\/www.slovackio.vilniausr.lm.lt\/wp-content\/uploads\/2014\/10\/europieciai12017-150x150.jpg 150w, https:\/\/www.slovackio.vilniausr.lm.lt\/wp-content\/uploads\/2014\/10\/europieciai12017-90x90.jpg 90w, https:\/\/www.slovackio.vilniausr.lm.lt\/wp-content\/uploads\/2014\/10\/europieciai12017-75x75.jpg 75w\" sizes=\"auto, (max-width: 150px) 100vw, 150px\" \/><\/a><a href=\"https:\/\/www.slovackio.vilniausr.lm.lt\/wp-content\/uploads\/2014\/10\/europieciai2017.jpg\" rel=\"lightbox[6516]\"><img loading=\"lazy\" decoding=\"async\" class=\"size-thumbnail wp-image-13280 alignleft\" src=\"https:\/\/www.slovackio.vilniausr.lm.lt\/wp-content\/uploads\/2014\/10\/europieciai2017-150x150.jpg\" alt=\"\" width=\"150\" height=\"150\" srcset=\"https:\/\/www.slovackio.vilniausr.lm.lt\/wp-content\/uploads\/2014\/10\/europieciai2017-150x150.jpg 150w, https:\/\/www.slovackio.vilniausr.lm.lt\/wp-content\/uploads\/2014\/10\/europieciai2017-90x90.jpg 90w, https:\/\/www.slovackio.vilniausr.lm.lt\/wp-content\/uploads\/2014\/10\/europieciai2017-75x75.jpg 75w\" sizes=\"auto, (max-width: 150px) 100vw, 150px\" \/><\/a><a href=\"https:\/\/www.slovackio.vilniausr.lm.lt\/wp-content\/uploads\/2014\/10\/IMG_4211.jpg\" rel=\"lightbox[6516]\"><img loading=\"lazy\" decoding=\"async\" class=\"alignleft size-thumbnail wp-image-13279\" src=\"https:\/\/www.slovackio.vilniausr.lm.lt\/wp-content\/uploads\/2014\/10\/IMG_4211-150x150.jpg\" alt=\"\" width=\"150\" height=\"150\" srcset=\"https:\/\/www.slovackio.vilniausr.lm.lt\/wp-content\/uploads\/2014\/10\/IMG_4211-150x150.jpg 150w, https:\/\/www.slovackio.vilniausr.lm.lt\/wp-content\/uploads\/2014\/10\/IMG_4211-90x90.jpg 90w, https:\/\/www.slovackio.vilniausr.lm.lt\/wp-content\/uploads\/2014\/10\/IMG_4211-75x75.jpg 75w\" sizes=\"auto, (max-width: 150px) 100vw, 150px\" \/><\/a><a href=\"https:\/\/www.slovackio.vilniausr.lm.lt\/wp-content\/uploads\/2014\/10\/IMG_4205.jpg\" rel=\"lightbox[6516]\"><img loading=\"lazy\" decoding=\"async\" class=\"alignleft size-thumbnail wp-image-13278\" src=\"https:\/\/www.slovackio.vilniausr.lm.lt\/wp-content\/uploads\/2014\/10\/IMG_4205-150x150.jpg\" alt=\"\" width=\"150\" height=\"150\" srcset=\"https:\/\/www.slovackio.vilniausr.lm.lt\/wp-content\/uploads\/2014\/10\/IMG_4205-150x150.jpg 150w, https:\/\/www.slovackio.vilniausr.lm.lt\/wp-content\/uploads\/2014\/10\/IMG_4205-90x90.jpg 90w, https:\/\/www.slovackio.vilniausr.lm.lt\/wp-content\/uploads\/2014\/10\/IMG_4205-75x75.jpg 75w\" sizes=\"auto, (max-width: 150px) 100vw, 150px\" \/><\/a><\/p>","protected":false},"excerpt":{"rendered":"<p>Angl\u0173 kalbos b\u016brelis \u201eMa\u017eieji europie\u010diai\u201c yra skirtas pradini\u0173 klasi\u0173 mokiniams. B\u016brelio tikslas yra i\u0161ugdyti elementari\u0105 angl\u0173 kalbos komunikacin\u0119 kompetencij\u0105. U\u017esi\u0117mim\u0173 metu mokiniai atlieka daug k\u016brybini\u0173 u\u017eduo\u010di\u0173, \u017eaid\u017eia, pie\u0161ia, dainuoja,&nbsp; i\u0161moksta \u017eod\u017eius, susijusius su artimiausia aplinka. &nbsp; B\u016brelio vadov\u0117 Anna Fedorovi\u010d&nbsp; &nbsp; &nbsp; &nbsp; &nbsp; &nbsp; &nbsp; &nbsp; &nbsp;<\/p>\n","protected":false},"author":1,"featured_media":0,"parent":3747,"menu_order":4,"comment_status":"closed","ping_status":"closed","template":"","meta":{"footnotes":""},"class_list":["post-6516","page","type-page","status-publish","hentry"],"jetpack_sharing_enabled":true,"_links":{"self":[{"href":"https:\/\/www.slovackio.vilniausr.lm.lt\/index.php?rest_route=\/wp\/v2\/pages\/6516","targetHints":{"allow":["GET"]}}],"collection":[{"href":"https:\/\/www.slovackio.vilniausr.lm.lt\/index.php?rest_route=\/wp\/v2\/pages"}],"about":[{"href":"https:\/\/www.slovackio.vilniausr.lm.lt\/index.php?rest_route=\/wp\/v2\/types\/page"}],"author":[{"embeddable":true,"href":"https:\/\/www.slovackio.vilniausr.lm.lt\/index.php?rest_route=\/wp\/v2\/users\/1"}],"replies":[{"embeddable":true,"href":"https:\/\/www.slovackio.vilniausr.lm.lt\/index.php?rest_route=%2Fwp%2Fv2%2Fcomments&post=6516"}],"version-history":[{"count":19,"href":"https:\/\/www.slovackio.vilniausr.lm.lt\/index.php?rest_route=\/wp\/v2\/pages\/6516\/revisions"}],"predecessor-version":[{"id":20836,"href":"https:\/\/www.slovackio.vilniausr.lm.lt\/index.php?rest_route=\/wp\/v2\/pages\/6516\/revisions\/20836"}],"up":[{"embeddable":true,"href":"https:\/\/www.slovackio.vilniausr.lm.lt\/index.php?rest_route=\/wp\/v2\/pages\/3747"}],"wp:attachment":[{"href":"https:\/\/www.slovackio.vilniausr.lm.lt\/index.php?rest_route=%2Fwp%2Fv2%2Fmedia&parent=6516"}],"curies":[{"name":"wp","href":"https:\/\/api.w.org\/{rel}","templated":true}]}}

Anglų kalbos būrelis &#8222;Mažieji europiečiai&#8221;

<p></p>
<p style="text-align: justify;">Anglų kalbos būrelis „Mažieji europiečiai“ yra skirtas pradinių klasių mokiniams. Būrelio tikslas yra išugdyti elementarią anglų kalbos komunikacinę kompetenciją. Užsiėmimų metu mokiniai atlieka daug kūrybinių užduočių, žaidžia, piešia, dainuoja,&nbsp; išmoksta žodžius, susijusius su artimiausia aplinka.</p>
<p style="text-align: right;"><strong><span style="color: #008000;">&nbsp; Būrelio vadovė Anna Fedorovič&nbsp;</span></strong></p>
<p><a href="https://www.slovackio.vilniausr.lm.lt/wp-content/uploads/2014/10/1-KLASA.jpg" rel="lightbox[6516]"><img loading="lazy" decoding="async" class="size-medium wp-image-13276 alignleft" src="https://www.slovackio.vilniausr.lm.lt/wp-content/uploads/2014/10/1-KLASA-300x225.jpg" alt="" width="300" height="225" srcset="https://www.slovackio.vilniausr.lm.lt/wp-content/uploads/2014/10/1-KLASA-300x225.jpg 300w, https://www.slovackio.vilniausr.lm.lt/wp-content/uploads/2014/10/1-KLASA-768x576.jpg 768w, https://www.slovackio.vilniausr.lm.lt/wp-content/uploads/2014/10/1-KLASA.jpg 960w" sizes="auto, (max-width: 300px) 100vw, 300px" /></a><a href="https://www.slovackio.vilniausr.lm.lt/wp-content/uploads/2014/10/IMG_1718.jpg" rel="lightbox[6516]"><img loading="lazy" decoding="async" class="alignleft size-medium wp-image-13277" src="https://www.slovackio.vilniausr.lm.lt/wp-content/uploads/2014/10/IMG_1718-300x222.jpg" alt="" width="300" height="222" srcset="https://www.slovackio.vilniausr.lm.lt/wp-content/uploads/2014/10/IMG_1718-300x222.jpg 300w, https://www.slovackio.vilniausr.lm.lt/wp-content/uploads/2014/10/IMG_1718-768x569.jpg 768w, https://www.slovackio.vilniausr.lm.lt/wp-content/uploads/2014/10/IMG_1718.jpg 1024w" sizes="auto, (max-width: 300px) 100vw, 300px" /></a></p>
<p>&nbsp;</p>
<p>&nbsp;</p>
<p>&nbsp;</p>
<p>&nbsp;</p>
<p>&nbsp;</p>
<p>&nbsp;</p>
<p>&nbsp;</p>
<p>&nbsp;</p>
<p><a href="https://www.slovackio.vilniausr.lm.lt/wp-content/uploads/2014/10/europieciai12017.jpg" rel="lightbox[6516]"><img loading="lazy" decoding="async" class="size-thumbnail wp-image-13281 alignleft" src="https://www.slovackio.vilniausr.lm.lt/wp-content/uploads/2014/10/europieciai12017-150x150.jpg" alt="" width="150" height="150" srcset="https://www.slovackio.vilniausr.lm.lt/wp-content/uploads/2014/10/europieciai12017-150x150.jpg 150w, https://www.slovackio.vilniausr.lm.lt/wp-content/uploads/2014/10/europieciai12017-90x90.jpg 90w, https://www.slovackio.vilniausr.lm.lt/wp-content/uploads/2014/10/europieciai12017-75x75.jpg 75w" sizes="auto, (max-width: 150px) 100vw, 150px" /></a><a href="https://www.slovackio.vilniausr.lm.lt/wp-content/uploads/2014/10/europieciai2017.jpg" rel="lightbox[6516]"><img loading="lazy" decoding="async" class="size-thumbnail wp-image-13280 alignleft" src="https://www.slovackio.vilniausr.lm.lt/wp-content/uploads/2014/10/europieciai2017-150x150.jpg" alt="" width="150" height="150" srcset="https://www.slovackio.vilniausr.lm.lt/wp-content/uploads/2014/10/europieciai2017-150x150.jpg 150w, https://www.slovackio.vilniausr.lm.lt/wp-content/uploads/2014/10/europieciai2017-90x90.jpg 90w, https://www.slovackio.vilniausr.lm.lt/wp-content/uploads/2014/10/europieciai2017-75x75.jpg 75w" sizes="auto, (max-width: 150px) 100vw, 150px" /></a><a href="https://www.slovackio.vilniausr.lm.lt/wp-content/uploads/2014/10/IMG_4211.jpg" rel="lightbox[6516]"><img loading="lazy" decoding="async" class="alignleft size-thumbnail wp-image-13279" src="https://www.slovackio.vilniausr.lm.lt/wp-content/uploads/2014/10/IMG_4211-150x150.jpg" alt="" width="150" height="150" srcset="https://www.slovackio.vilniausr.lm.lt/wp-content/uploads/2014/10/IMG_4211-150x150.jpg 150w, https://www.slovackio.vilniausr.lm.lt/wp-content/uploads/2014/10/IMG_4211-90x90.jpg 90w, https://www.slovackio.vilniausr.lm.lt/wp-content/uploads/2014/10/IMG_4211-75x75.jpg 75w" sizes="auto, (max-width: 150px) 100vw, 150px" /></a><a href="https://www.slovackio.vilniausr.lm.lt/wp-content/uploads/2014/10/IMG_4205.jpg" rel="lightbox[6516]"><img loading="lazy" decoding="async" class="alignleft size-thumbnail wp-image-13278" src="https://www.slovackio.vilniausr.lm.lt/wp-content/uploads/2014/10/IMG_4205-150x150.jpg" alt="" width="150" height="150" srcset="https://www.slovackio.vilniausr.lm.lt/wp-content/uploads/2014/10/IMG_4205-150x150.jpg 150w, https://www.slovackio.vilniausr.lm.lt/wp-content/uploads/2014/10/IMG_4205-90x90.jpg 90w, https://www.slovackio.vilniausr.lm.lt/wp-content/uploads/2014/10/IMG_4205-75x75.jpg 75w" sizes="auto, (max-width: 150px) 100vw, 150px" /></a></p>

<p>Anglų kalbos būrelis „Mažieji europiečiai“ yra skirtas pradinių klasių mokiniams. Būrelio tikslas yra išugdyti elementarią anglų kalbos komunikacinę kompetenciją. Užsiėmimų metu mokiniai atlieka daug kūrybinių užduočių, žaidžia, piešia, dainuoja,&nbsp; išmoksta žodžius, susijusius su artimiausia aplinka. &nbsp; Būrelio vadovė Anna Fedorovič&nbsp; &nbsp; &nbsp; &nbsp; &nbsp; &nbsp; &nbsp; &nbsp; &nbsp;</p>
