{"id":5483,"date":"2014-03-13T10:16:02","date_gmt":"2014-03-13T08:16:02","guid":{"rendered":"http:\/\/www.slovackio.vilniausr.lm.lt\/?page_id=5483"},"modified":"2024-02-21T18:42:44","modified_gmt":"2024-02-21T16:42:44","slug":"nuorodos","status":"publish","type":"page","link":"https:\/\/www.slovackio.vilniausr.lm.lt\/?page_id=5483","title":{"rendered":"Nuorodos"},"content":{"rendered":"<p><\/p>\n<table style=\"height: 2279px;\" width=\"711\">\n<tbody>\n<tr>\n<td width=\"474\"><strong>Apra\u0161ymas<\/strong><\/td>\n<td width=\"236\"><strong>Internetin\u0117 svetain\u0117<\/strong><\/td>\n<\/tr>\n<tr>\n<td width=\"474\">Brandos egzaminai;<\/p>\n<p>Apie stojim\u0105 \u012f auk\u0161t\u0105sias mokyklas;<\/p>\n<p>Apie mokym\u0105si profesinio mokymosi \u012fstaigose;<\/p>\n<p>Mokslo ir studij\u0173 reforma &#8211; abiturientams.<\/td>\n<td width=\"236\"><a href=\"http:\/\/www.smm.lt\/\">www.smm.lt\/<\/a><\/p>\n<p>&nbsp;<\/td>\n<\/tr>\n<tr>\n<td width=\"474\">Vilniaus rajono savivaldyb\u0117<\/td>\n<td width=\"236\"><a href=\"https:\/\/www.vrsa.lt\/\">https:\/\/www.vrsa.lt\/<\/a><\/td>\n<\/tr>\n<tr>\n<td width=\"474\">N\u0160A svetain\u0117je\u00a0J\u016bs rasite:<\/p>\n<p>svarbiausias \u0161vietimo naujienas,<\/p>\n<p>renginius ir mokymus, skirtus pedagogams, mokykl\u0173 administracijoms, mokiniams, \u0161vietimo bendruomenei,<\/p>\n<p>informacij\u0105 apie agent\u016bros vykdomus projektus, j\u0173 veiklas ir rezultatus,<\/p>\n<p>informacij\u0105 apie ugdymo turinio atnaujinim\u0105, mokymo priemones, mokini\u0173 pasiekim\u0173 patikrinimus, specialiosios pedagogin\u0117s pagalbos teikim\u0105, \u0161vietimo b\u016bkl\u0117s tyrimus ir analizes,<\/p>\n<p>nuorodas \u012f registrus ir duomenis i\u0161 informacini\u0173 sistem\u0173,<\/p>\n<p>daug kitos aktualios informacijos.<\/td>\n<td width=\"236\">&nbsp;<\/p>\n<p><a href=\"http:\/\/www.nsa.smm.lt\/\">www.nsa.smm.lt<\/a><\/p>\n<p>&nbsp;<\/p>\n<p>&nbsp;<\/p>\n<p>&nbsp;<\/p>\n<p>&nbsp;<\/p>\n<p>&nbsp;<\/td>\n<\/tr>\n<tr>\n<td width=\"474\">Teikia informacij\u0105 apie bendr\u0105j\u012f pri\u0117mim\u0105, auk\u0161t\u0105sias mokyklas ir j\u0173 pri\u0117mimo taisykles, studij\u0173 programas;<\/p>\n<p>Vykdo bendrojo pri\u0117mimo pra\u0161ym\u0173 registracij\u0105 bei teikia pagalb\u0105 pildant pra\u0161ym\u0105;<\/p>\n<p>Leid\u017eia apskai\u010diuoti konkursin\u012f bal\u0105.<\/td>\n<td width=\"236\"><a href=\"http:\/\/www.lamabpo.lt\/\">www.lamabpo.lt<\/a><\/p>\n<p>&nbsp;<\/td>\n<\/tr>\n<tr>\n<td width=\"474\">Teikia aktuali\u0105, kokybi\u0161k\u0105 informacij\u0105 apie mokymosi galimybes Lietuvoje;<\/p>\n<p>Sukuria pla\u010dias galimybes ie\u0161koti reikalingos informacijos apie profesijas, kvalifikacijas, studij\u0173 ir mokymo programas, \u0161vietimo ir mokslo institucijas ir pri\u0117mimo taisykles, mokymo licencijas, Europass pa\u017eym\u0117jim\u0173 pried\u0117lius, mokymosi ir darbo viet\u0173 statistik\u0105 bei kt.<\/td>\n<td width=\"236\"><a href=\"http:\/\/www.aikos.lt\/\">www.aikos.lt<\/a><\/p>\n<p>&nbsp;<\/td>\n<\/tr>\n<tr>\n<td width=\"474\"><\/td>\n<td width=\"236\"><\/td>\n<\/tr>\n<tr>\n<td width=\"474\">Orientavimas karjerai Lietuvoje ir Europoje.<\/td>\n<td width=\"236\"><u><a href=\"http:\/\/www.euroguidance.lt\/\">http:\/\/www.euroguidance.lt\/<\/a><\/u><\/td>\n<\/tr>\n<tr>\n<td width=\"474\">Mokini\u0173 ugdymo karjerai informacin\u0117 svetain\u0117.<\/td>\n<td width=\"236\"><a href=\"http:\/\/www.mukis.lt\/\">http:\/\/www.mukis.lt<\/a><\/td>\n<\/tr>\n<tr>\n<td width=\"474\">Atvira informavimo konsultavimo orientavimo sistema<\/td>\n<td width=\"236\"><a href=\"http:\/\/www.aikos.smm.lt\/\">www.aikos.smm.lt<\/a><\/td>\n<\/tr>\n<tr>\n<td width=\"474\">Asmenyb\u0117s testas<\/td>\n<td width=\"236\"><span style=\"color: #000080;\">http:\/\/charakteris.info\/asmenybes-testas\u00a0<\/span><\/td>\n<\/tr>\n<tr>\n<td width=\"474\">Darbo paie\u0161ka<\/td>\n<td width=\"236\"><span style=\"color: #000080;\">http:\/\/www.cv.lt\/index.do<\/span><\/td>\n<\/tr>\n<tr>\n<td width=\"474\">Studijos u\u017esienyje<\/td>\n<td width=\"236\"><a href=\"http:\/\/kalba.lt\/\">http:\/\/kalba.lt\u00a0<\/a><\/td>\n<\/tr>\n<tr>\n<td width=\"474\">Studijos u\u017esienyje<\/td>\n<td width=\"236\"><a href=\"http:\/\/www.kastu.lt\/\">http:\/\/www.kastu.lt\u00a0<\/a><\/td>\n<\/tr>\n<tr>\n<td width=\"474\">Studijos u\u017esienyje<\/td>\n<td width=\"236\"><a href=\"http:\/\/www.langas.net\/\">http:\/\/www.langas.net\u00a0\u00a0<\/a><\/td>\n<\/tr>\n<tr>\n<td width=\"474\">Studijos u\u017esienyje<\/td>\n<td width=\"236\"><a href=\"http:\/\/www.zinauviska.lt\/lt\/mokymasis\/studijos-uzsienyje\">http:\/\/www.zinauviska.lt\/lt\/mokymasis\/studijos-uzsienyje\u00a0<\/a><\/td>\n<\/tr>\n<tr>\n<td width=\"474\">Gyvenimo apra\u0161ymas<\/td>\n<td width=\"236\"><span style=\"color: #000080;\">http:\/\/www.europass.lt\/cv<\/span><\/td>\n<\/tr>\n<tr>\n<td width=\"474\">Profesinis lavinimas<\/td>\n<td width=\"236\"><a href=\"http:\/\/www.on.lt\/hedukac3.htm\">http:\/\/www.on.lt\/hedukac3.htm\u00a0<\/a><\/td>\n<\/tr>\n<tr>\n<td width=\"474\">\u0160vietimo main\u0173 paramos fondas<\/td>\n<td width=\"236\"><a href=\"http:\/\/www.smpf.lt\/\">www.smpf.lt<\/a><\/td>\n<\/tr>\n<tr>\n<td width=\"474\">Leidinys ,,Kur stoti?&#8221;<\/td>\n<td width=\"236\"><a href=\"http:\/\/www.kurstoti.lt\/\">www.kurstoti.lt<\/a><\/td>\n<\/tr>\n<tr>\n<td width=\"474\">Vytauto Did\u017eiojo universitetas<\/td>\n<td width=\"236\"><a href=\"http:\/\/www.vdu.lt\/\">www.vdu.lt<\/a><\/td>\n<\/tr>\n<tr>\n<td width=\"474\">Studij\u0173 kokyb\u0117s vertinimo centras<\/td>\n<td width=\"236\"><a href=\"http:\/\/www.skvc.lt\/\">www.skvc.lt<\/a><\/td>\n<\/tr>\n<tr>\n<td width=\"474\">Klaip\u0117dos universitetas<\/td>\n<td width=\"236\"><a href=\"http:\/\/www.ku.lt\/\">www.ku.lt<\/a><\/td>\n<\/tr>\n<tr>\n<td width=\"474\">Vilniaus universitetas<\/td>\n<td width=\"236\"><a href=\"http:\/\/www.vu.lt\/\">www.vu.lt<\/a><\/td>\n<\/tr>\n<tr>\n<td width=\"474\">Vilniaus Gedimino technikos universitetas<\/td>\n<td width=\"236\"><span style=\"color: #000080;\">https:\/\/vilniustech.lt\/<\/span><\/td>\n<\/tr>\n<tr>\n<td width=\"474\">Mykolo Romerio universitetas<\/td>\n<td width=\"236\"><a href=\"http:\/\/www.mruni.eu\/\">www.mruni.eu<\/a><\/td>\n<\/tr>\n<tr>\n<td width=\"474\">Gen. J. \u017demai\u010dio Lietuvos karo akademija<\/td>\n<td width=\"236\"><a href=\"http:\/\/www.lka.lt\/\">www.lka.lt<\/a><\/td>\n<\/tr>\n<tr>\n<td width=\"474\">Kazimiero Simonavi\u010diaus universitetas<\/td>\n<td width=\"236\"><a href=\"http:\/\/www.ksu.lt\/\">www.ksu.lt<\/a><\/td>\n<\/tr>\n<tr>\n<td width=\"474\">Lietuvos muzikos ir teatro akademija<\/td>\n<td width=\"236\"><a href=\"http:\/\/www.lmta.lt\/\">www.lmta.lt<\/a><\/td>\n<\/tr>\n<tr>\n<td width=\"474\">Vilniaus dail\u0117s akademija<\/td>\n<td width=\"236\"><a href=\"http:\/\/www.vda.lt\/\">www.vda.lt<\/a><\/td>\n<\/tr>\n<tr>\n<td width=\"474\">Vilniaus kolegija<\/td>\n<td width=\"236\"><a href=\"http:\/\/www.viko.lt\/\">www.viko.lt<\/a><\/td>\n<\/tr>\n<tr>\n<td width=\"474\">Lietuvos sveikatos moksl\u0173 (medicinos ir veterinarijos) universitetas<\/td>\n<td width=\"236\"><a href=\"http:\/\/www.lsmuni.lt\/\">www.lsmuni.lt<\/a><\/td>\n<\/tr>\n<tr>\n<td width=\"474\">\u0160iauli\u0173 akademija<\/td>\n<td width=\"236\"><a href=\"http:\/\/www.su.lt\/\">www.su.lt<\/a><\/td>\n<\/tr>\n<tr>\n<td width=\"474\">Kauno technologijos universitetas<\/td>\n<td width=\"236\"><a href=\"http:\/\/www.ktu.lt\/\">www.ktu.lt<\/a><\/td>\n<\/tr>\n<tr>\n<td width=\"474\"><\/td>\n<td width=\"236\"><\/td>\n<\/tr>\n<\/tbody>\n<\/table>\n<p><\/p>","protected":false},"excerpt":{"rendered":"<p>Apra\u0161ymas Internetin\u0117 svetain\u0117 Brandos egzaminai; Apie stojim\u0105 \u012f auk\u0161t\u0105sias mokyklas; Apie mokym\u0105si profesinio mokymosi \u012fstaigose; Mokslo ir studij\u0173 reforma &#8211; abiturientams. www.smm.lt\/ &nbsp; Vilniaus rajono savivaldyb\u0117 https:\/\/www.vrsa.lt\/ N\u0160A svetain\u0117je\u00a0J\u016bs rasite: svarbiausias \u0161vietimo naujienas, renginius ir mokymus, skirtus pedagogams, mokykl\u0173 administracijoms, mokiniams, \u0161vietimo bendruomenei, informacij\u0105 apie agent\u016bros vykdomus projektus, j\u0173 veiklas ir rezultatus, informacij\u0105 apie ugdymo turinio atnaujinim\u0105, mokymo priemones, mokini\u0173<\/p>\n","protected":false},"author":1,"featured_media":0,"parent":0,"menu_order":9,"comment_status":"closed","ping_status":"closed","template":"","meta":{"footnotes":""},"class_list":["post-5483","page","type-page","status-publish","hentry"],"jetpack_sharing_enabled":true,"_links":{"self":[{"href":"https:\/\/www.slovackio.vilniausr.lm.lt\/index.php?rest_route=\/wp\/v2\/pages\/5483","targetHints":{"allow":["GET"]}}],"collection":[{"href":"https:\/\/www.slovackio.vilniausr.lm.lt\/index.php?rest_route=\/wp\/v2\/pages"}],"about":[{"href":"https:\/\/www.slovackio.vilniausr.lm.lt\/index.php?rest_route=\/wp\/v2\/types\/page"}],"author":[{"embeddable":true,"href":"https:\/\/www.slovackio.vilniausr.lm.lt\/index.php?rest_route=\/wp\/v2\/users\/1"}],"replies":[{"embeddable":true,"href":"https:\/\/www.slovackio.vilniausr.lm.lt\/index.php?rest_route=%2Fwp%2Fv2%2Fcomments&post=5483"}],"version-history":[{"count":36,"href":"https:\/\/www.slovackio.vilniausr.lm.lt\/index.php?rest_route=\/wp\/v2\/pages\/5483\/revisions"}],"predecessor-version":[{"id":29065,"href":"https:\/\/www.slovackio.vilniausr.lm.lt\/index.php?rest_route=\/wp\/v2\/pages\/5483\/revisions\/29065"}],"wp:attachment":[{"href":"https:\/\/www.slovackio.vilniausr.lm.lt\/index.php?rest_route=%2Fwp%2Fv2%2Fmedia&parent=5483"}],"curies":[{"name":"wp","href":"https:\/\/api.w.org\/{rel}","templated":true}]}}