{"id":24779,"date":"2022-09-30T12:14:46","date_gmt":"2022-09-30T10:14:46","guid":{"rendered":"http:\/\/www.slovackio.vilniausr.lm.lt\/?page_id=24779"},"modified":"2023-10-01T09:15:30","modified_gmt":"2023-10-01T07:15:30","slug":"sveikatos-prieziura","status":"publish","type":"page","link":"https:\/\/www.slovackio.vilniausr.lm.lt\/?page_id=24779","title":{"rendered":"Sveikatos stiprinimas"},"content":{"rendered":"<p>Gimnazijoje \u012fgyvendinamas projektas ,,<strong>Sveikos gyvensenos skatinimas ir moksleivi\u0173 sveikatos ra\u0161tingumo ugdymas Vilniaus rajone<\/strong>\u201c<\/p>\n<p>Daugiau informacijos apie projekt\u0105:<\/p>\n<p><span style=\"color: #333399;\"> <a style=\"color: #333399;\" href=\"https:\/\/sena.vrsa.lt\/go.php\/lit\/Sveikos-gyvensenos-skatinimas-ir-moksleiviu-sveikatos-ratingumo-ugdymas-Vilniaus-rajone\/2113\">https:\/\/sena.vrsa.lt\/go.php\/lit\/Sveikos-gyvensenos-skatinimas-ir-moksleiviu-sveikatos-ratingumo-ugdymas-Vilniaus-rajone\/2113<\/a><\/span><\/p>\n<p><span style=\"color: #333399;\"><a style=\"color: #333399;\" href=\"https:\/\/www.vilniussveikiau.lt\/sveikos-gyvensenos-skatinimas-ir-moksleivu-sveikatos-rastingumo-ugdymas-vilniaus-rajone\/\">https:\/\/www.vilniussveikiau.lt\/sveikos-gyvensenos-skatinimas-ir-moksleivu-sveikatos-rastingumo-ugdymas-vilniaus-rajone\/<\/a><\/span><\/p>\n<p>Mokykla dalyvavo sveikos gyvensenos ugdymo projekte ,,<strong>Sveikatiada<\/strong>\u201c<\/p>\n<p>Daugiau informacijos apie projekt\u0105 <span style=\"color: #333399;\"><a style=\"color: #333399;\" href=\"http:\/\/sveikatiada.lt\">http:\/\/sveikatiada.lt<\/a><\/span><\/p>\n<p>Mokykl\u0173 pripa\u017einimo sveikat\u0105 stiprinan\u010diomis mokyklomis ir aktyviomis mokyklomis tvarkos apra\u0161as:<\/p>\n<p><span style=\"color: #333399;\"><a style=\"color: #333399;\" href=\"https:\/\/www.e-tar.lt\/portal\/lt\/legalAct\/de4309b0839211e993ffd4361ddf8976\">https:\/\/www.e-tar.lt\/portal\/lt\/legalAct\/de4309b0839211e993ffd4361ddf8976<\/a><\/span><\/p>\n<p>Daugiau informacijos apie projekt\u0105 Sveikatos mokymo ir lig\u0173 prevencijos centro interneto svetain\u0117je <span style=\"color: #333399;\"><a style=\"color: #333399;\" href=\"http:\/\/www.smlpc.lt\">http:\/\/www.smlpc.lt<\/a> \u00a0<\/span><\/p>\n<p><span style=\"color: #008000;\"><strong>Vilniaus m. savivaldyb\u0117s visuomen\u0117s sveikatos biuro<\/strong><\/span><span lang=\"lt\"><span style=\"color: #008000;\"><strong> mobilioji komanda<\/strong> <\/span>\u2013 specialist\u0173 grup\u0117, kuri periodi\u0161kai nuotoliniu ir kontaktiniu b\u016bdu teikia visuomen\u0117s sveikatos prie\u017ei\u016bros paslaugas gimnazijai. <\/span><span lang=\"lt\">Komand\u0105 sudaro \u0161ie specialistai: <\/span><\/p>\n<p><span lang=\"lt\">visuomen\u0117s sveikatos;<\/span><\/p>\n<p><span lang=\"lt\">fizinio aktyvumo;<\/span><\/p>\n<p><span lang=\"lt\">mitybos;<\/span><\/p>\n<p><span lang=\"lt\">psichikos sveikatos.<\/span><\/p>\n<p><span lang=\"lt\">\u00a0<\/span><span lang=\"lt\">Taip pat mobilioji komanda teikia \u0161ias paslaugas:<\/span><\/p>\n<ul type=\"disc\">\n<li style=\"text-align: left;\"><span lang=\"lt\">ugdome mokini\u0173 sveikos gyvensenos \u012fg\u016bd\u017eius ir suteikiame j\u0173 taikymui reikaling\u0173 \u017eini\u0173;<\/span><\/li>\n<li style=\"text-align: left;\"><span lang=\"lt\">tvarkome mokini\u0173 sveikatos pa\u017eym\u0117jim\u0173 duomenis ir remiantis jais teikiame i\u0161vadas bei rekomendacijas;<\/span><\/li>\n<li style=\"text-align: left;\"><span lang=\"lt\">identifikuojame visuomen\u0117s sveikatos rizikos veiksnius ir suteikiame \u017eini\u0173 apie j\u0173 prevencines priemones;<\/span><\/li>\n<li style=\"text-align: left;\"><span lang=\"lt\">rengiame u\u017esi\u0117mimus apie sveikatos stiprinim\u0105, i\u0161saugojim\u0105 ir lig\u0173 prevencij\u0105;<\/span><\/li>\n<li style=\"text-align: left;\"><span lang=\"lt\">konsultuojame ir teikiame \u017eini\u0173, padedan\u010di\u0173 u\u017etikrinti sveikatai palanki\u0105 aplink\u0105;<\/span><\/li>\n<li style=\"text-align: left;\"><span lang=\"lt\">konsultuojame maitinimo organizavimo, maisto saugos bei kokyb\u0117s klausimais;<\/span><\/li>\n<li style=\"text-align: left;\"><span lang=\"lt\">organizuojame mokinio savir\u016bpai reikaling\u0105 pagalb\u0105, mokiniui sergant l\u0117tin\u0117mis neinfekcin\u0117mis ligomis;<\/span><\/li>\n<li style=\"text-align: left;\"><span lang=\"lt\">vykdome u\u017ekre\u010diam\u0173j\u0173 lig\u0173 profilaktik\u0105 bei kontrol\u0119;<\/span><\/li>\n<li style=\"text-align: left;\"><span lang=\"lt\">teikiame ir koordinuojame pirmosios pagalbos teikim\u0105;<\/span><\/li>\n<li class=\"elementToProof\" style=\"text-align: left;\"><span lang=\"lt\">kitas, visuomen\u0117s sveikatos prie\u017ei\u016bros paslaugas, nurodytas<span style=\"color: #333399;\"> <a style=\"color: #333399;\" href=\"https:\/\/e-seimas.lrs.lt\/portal\/legalAct\/lt\/TAD\/TAIS.268649\/asr\">Visuomen\u0117s sveikatos prie\u017ei\u016bros organizavimo mokykloje tvarkos apra\u0161e<\/a><\/span><\/span><\/li>\n<\/ul>\n<p><\/p>","protected":false},"excerpt":{"rendered":"<p>Gimnazijoje \u012fgyvendinamas projektas ,,Sveikos gyvensenos skatinimas ir moksleivi\u0173 sveikatos ra\u0161tingumo ugdymas Vilniaus rajone\u201c Daugiau informacijos apie projekt\u0105: https:\/\/sena.vrsa.lt\/go.php\/lit\/Sveikos-gyvensenos-skatinimas-ir-moksleiviu-sveikatos-ratingumo-ugdymas-Vilniaus-rajone\/2113 https:\/\/www.vilniussveikiau.lt\/sveikos-gyvensenos-skatinimas-ir-moksleivu-sveikatos-rastingumo-ugdymas-vilniaus-rajone\/ Mokykla dalyvavo sveikos gyvensenos ugdymo projekte ,,Sveikatiada\u201c Daugiau informacijos apie projekt\u0105 http:\/\/sveikatiada.lt Mokykl\u0173 pripa\u017einimo sveikat\u0105 stiprinan\u010diomis mokyklomis ir aktyviomis mokyklomis tvarkos apra\u0161as: https:\/\/www.e-tar.lt\/portal\/lt\/legalAct\/de4309b0839211e993ffd4361ddf8976 Daugiau informacijos apie projekt\u0105 Sveikatos mokymo ir lig\u0173 prevencijos centro interneto svetain\u0117je http:\/\/www.smlpc.lt \u00a0 Vilniaus m. savivaldyb\u0117s visuomen\u0117s<\/p>\n","protected":false},"author":1,"featured_media":0,"parent":108,"menu_order":11,"comment_status":"closed","ping_status":"closed","template":"","meta":{"footnotes":""},"class_list":["post-24779","page","type-page","status-publish","hentry"],"jetpack_sharing_enabled":true,"_links":{"self":[{"href":"https:\/\/www.slovackio.vilniausr.lm.lt\/index.php?rest_route=\/wp\/v2\/pages\/24779","targetHints":{"allow":["GET"]}}],"collection":[{"href":"https:\/\/www.slovackio.vilniausr.lm.lt\/index.php?rest_route=\/wp\/v2\/pages"}],"about":[{"href":"https:\/\/www.slovackio.vilniausr.lm.lt\/index.php?rest_route=\/wp\/v2\/types\/page"}],"author":[{"embeddable":true,"href":"https:\/\/www.slovackio.vilniausr.lm.lt\/index.php?rest_route=\/wp\/v2\/users\/1"}],"replies":[{"embeddable":true,"href":"https:\/\/www.slovackio.vilniausr.lm.lt\/index.php?rest_route=%2Fwp%2Fv2%2Fcomments&post=24779"}],"version-history":[{"count":7,"href":"https:\/\/www.slovackio.vilniausr.lm.lt\/index.php?rest_route=\/wp\/v2\/pages\/24779\/revisions"}],"predecessor-version":[{"id":27799,"href":"https:\/\/www.slovackio.vilniausr.lm.lt\/index.php?rest_route=\/wp\/v2\/pages\/24779\/revisions\/27799"}],"up":[{"embeddable":true,"href":"https:\/\/www.slovackio.vilniausr.lm.lt\/index.php?rest_route=\/wp\/v2\/pages\/108"}],"wp:attachment":[{"href":"https:\/\/www.slovackio.vilniausr.lm.lt\/index.php?rest_route=%2Fwp%2Fv2%2Fmedia&parent=24779"}],"curies":[{"name":"wp","href":"https:\/\/api.w.org\/{rel}","templated":true}]}}