{"id":24775,"date":"2022-09-30T11:56:05","date_gmt":"2022-09-30T09:56:05","guid":{"rendered":"http:\/\/www.slovackio.vilniausr.lm.lt\/?page_id=24775"},"modified":"2023-05-18T16:51:23","modified_gmt":"2023-05-18T14:51:23","slug":"brandos-atestatu-pazymejimu-ir-ju-dublikatu-isdavimas","status":"publish","type":"page","link":"https:\/\/www.slovackio.vilniausr.lm.lt\/?page_id=24775","title":{"rendered":"Brandos atestat\u0173, pa\u017eym\u0117jim\u0173 ir j\u0173 dublikat\u0173 i\u0161davimas"},"content":{"rendered":"<p><\/p>\n<h4><span style=\"color: #000080;\"><strong><a style=\"color: #000080;\" href=\"https:\/\/e-seimas.lrs.lt\/portal\/legalActEditions\/lt\/TAD\/TAIS.292772\">Pa\u017eym\u0117jim\u0173 ir brandos atestat\u0173 i\u0161davimo tvarkos apra\u0161as<\/a><\/strong><\/span><\/h4>\n<p><\/p>","protected":false},"excerpt":{"rendered":"<p>Pa\u017eym\u0117jim\u0173 ir brandos atestat\u0173 i\u0161davimo tvarkos apra\u0161as<\/p>\n","protected":false},"author":1,"featured_media":0,"parent":6225,"menu_order":1,"comment_status":"closed","ping_status":"closed","template":"","meta":{"footnotes":""},"class_list":["post-24775","page","type-page","status-publish","hentry"],"jetpack_sharing_enabled":true,"_links":{"self":[{"href":"https:\/\/www.slovackio.vilniausr.lm.lt\/index.php?rest_route=\/wp\/v2\/pages\/24775","targetHints":{"allow":["GET"]}}],"collection":[{"href":"https:\/\/www.slovackio.vilniausr.lm.lt\/index.php?rest_route=\/wp\/v2\/pages"}],"about":[{"href":"https:\/\/www.slovackio.vilniausr.lm.lt\/index.php?rest_route=\/wp\/v2\/types\/page"}],"author":[{"embeddable":true,"href":"https:\/\/www.slovackio.vilniausr.lm.lt\/index.php?rest_route=\/wp\/v2\/users\/1"}],"replies":[{"embeddable":true,"href":"https:\/\/www.slovackio.vilniausr.lm.lt\/index.php?rest_route=%2Fwp%2Fv2%2Fcomments&post=24775"}],"version-history":[{"count":4,"href":"https:\/\/www.slovackio.vilniausr.lm.lt\/index.php?rest_route=\/wp\/v2\/pages\/24775\/revisions"}],"predecessor-version":[{"id":26655,"href":"https:\/\/www.slovackio.vilniausr.lm.lt\/index.php?rest_route=\/wp\/v2\/pages\/24775\/revisions\/26655"}],"up":[{"embeddable":true,"href":"https:\/\/www.slovackio.vilniausr.lm.lt\/index.php?rest_route=\/wp\/v2\/pages\/6225"}],"wp:attachment":[{"href":"https:\/\/www.slovackio.vilniausr.lm.lt\/index.php?rest_route=%2Fwp%2Fv2%2Fmedia&parent=24775"}],"curies":[{"name":"wp","href":"https:\/\/api.w.org\/{rel}","templated":true}]}}