{"id":24772,"date":"2022-09-30T11:54:23","date_gmt":"2022-09-30T09:54:23","guid":{"rendered":"http:\/\/www.slovackio.vilniausr.lm.lt\/?page_id=24772"},"modified":"2026-03-01T18:22:01","modified_gmt":"2026-03-01T16:22:01","slug":"mokiniu-ir-vaiku-priemimas","status":"publish","type":"page","link":"https:\/\/www.slovackio.vilniausr.lm.lt\/?page_id=24772","title":{"rendered":"Mokini\u0173 ir vaik\u0173 pri\u0117mimas"},"content":{"rendered":"<p><\/p>\n<h3 style=\"text-align: center;\"><span style=\"color: #003366;\"><strong>Pri\u0117mimas \u012f Vilniaus r. Bezdoni\u0173 Julijaus Slovackio gimnazij\u0105 2026-2027 m. m.<\/strong><\/span><\/h3>\n<p style=\"text-align: left;\"><span style=\"color: #003366;\"><strong>Pri\u0117mimo \u012f Vilniaus rajono savivaldyb\u0117s bendrojo ugdymo mokyklas mokytis pagal bendrojo ugdymo programas tvarkos apra\u0161as<\/strong><\/span><\/p>\n<ul>\n<li><span style=\"color: #003300;\"><strong><a style=\"color: #003300;\" href=\"https:\/\/www.slovackio.vilniausr.lm.lt\/wp-content\/uploads\/Prasymas-del-priemimo-i-gimnazija.doc\">Pra\u0161ymas d\u0117l pri\u0117mimo \u012f gimnazij\u0105<\/a><\/strong><\/span><\/li>\n<li><strong><span style=\"color: #003300;\"><a style=\"color: #003300;\" href=\"https:\/\/www.slovackio.vilniausr.lm.lt\/wp-content\/uploads\/Del-priemimo-tvarkos-patvirtinimo-2025-02-27.pdf\">D\u0117l pri\u0117mimo tvarkos patvirtinimo 2025-02-27<\/a><\/span><\/strong><\/li>\n<li><strong><span style=\"color: #003300;\"><a style=\"color: #003300;\" href=\"https:\/\/www.slovackio.vilniausr.lm.lt\/wp-content\/uploads\/Sprendimas-del-priemimo-tvarkos-panaikinimo-2025-02-21.pdf\">Sprendimas d\u0117l pri\u0117mimo tvarkos panaikinimo 2025-02-21<\/a><\/span><\/strong><\/li>\n<li><strong><span style=\"color: #003300;\"><a style=\"color: #003300;\" href=\"https:\/\/www.slovackio.vilniausr.lm.lt\/wp-content\/uploads\/LR-SMSM-Priesmokyklinio-ugdymo-tvarkos-aprasas-2024-09-01.pdf\">LR \u0160MSM Prie\u0161mokyklinio ugdymo tvarkos apra\u0161as 2024-09-01<\/a><\/span><\/strong><\/li>\n<\/ul>\n<p>Nuo <span style=\"color: #000080;\"><strong>kovo 1 d. iki gegu\u017e\u0117s 30 d.<\/strong><\/span> vyksta <span style=\"color: #000080;\"><strong>pagrindinis pra\u0161ym\u0173<\/strong>\u00a0<strong>pri\u0117mimas<\/strong><\/span> \u012f gimnazijos 1-8, I-IVG klases 2026-2027 m.m.<\/p>\n<p><strong><span style=\"color: #000080;\">Papildomas pra\u0161ym\u0173<\/span> <\/strong>pri\u0117mimas \u2013 <span style=\"color: #000080;\"><strong>bir\u017eelio 21-26 d. ir liepos 1 d. &#8211; rugpj\u016b\u010dio 19 d.<\/strong> <\/span><\/p>\n<p style=\"text-align: center;\"><em>\u012e laisvas mokymosi vietas einamaisiais mokslo metais sudarytose klas\u0117se pra\u0161ymai priimami ir pri\u0117mimas vykdomas nuolat.<\/em><\/p>\n<p><span style=\"color: #339966;\"><strong>Laisvos vietos:<\/strong><\/span><\/p>\n<p><span style=\"color: #000080;\"><strong><a style=\"color: #000080;\" href=\"https:\/\/www.slovackio.vilniausr.lm.lt\/wp-content\/uploads\/Informacija-apie-laisvas-vietas-i-gimnazija.docx\">Informacija apie laisvas vietas \u012f gimnazij\u0105<\/a><\/strong><\/span><\/p>\n<p>Pra\u0161ymai ir kiti dokumentai gali b\u016bti teikiami asmeni\u0161kai, elektroniniu pa\u0161tu arba registruotu lai\u0161ku.<\/p>\n<ul>\n<li>el. pa\u0161tu <span style=\"color: #003300;\"><strong><a style=\"color: #003300;\" href=\"mailto:giedre.vaiciuniene@vrsa.lt\">gimnazija.slovackio@vilniausr.lm.lt<\/a><\/strong><\/span><\/li>\n<li>adresu Statybinink\u0173 g. 4, Bezdoni\u0173 mstl., LT-15 202, Vilniaus rajonas<\/li>\n<li><span style=\"color: #000000;\">Informacija teikiama <\/span><span style=\"color: #003300;\"><strong>telefonu +37064028759<\/strong><\/span><\/li>\n<\/ul>\n<p><span style=\"color: #003366;\"><strong>Vilniaus r. Bezdoni\u0173 Julijaus Slovackio gimnazijos Bezdoni\u0173 ikimokyklinio ugdymo skyrius<\/strong><\/span><\/p>\n<ul>\n<li><strong><span style=\"color: #003300;\">Tel:+37064028759<\/span><\/strong><\/li>\n<li>e-mail\u00a0<strong>\u2013<span style=\"color: #333300;\"> <span style=\"color: #003300;\"><a style=\"color: #003300;\" href=\"mailto:giedre.vaiciuniene@vrsa.lt\">gimnazija.slovackio@vilniausr.lm.lt<\/a><\/span><\/span><\/strong><\/li>\n<li>Adresas:\u00a0Statybinink\u0173 g. 9, Bezdoni\u0173 mstl., Bezdoni\u0173 sen, Lt-15202, Vilniaus r.<\/li>\n<\/ul>\n<p><span style=\"color: #000000;\">Skyriuje vykdomos ikimokyklinio ugdymo programos lietuvi\u0173,\u00a0lenk\u0173 kalba<\/span><\/p>\n<p><strong>Kaip u\u017eregistruoti vaik\u0105 \u012f ikimokyklinio arba prie\u0161mokyklinio ugdymo grup\u0119?<\/strong><\/p>\n<p>Pra\u0161ymai priimti vaikus \u012f Vilniaus rajono savivaldyb\u0117s \u0161vietimo \u012fstaig\u0173 ikimokyklinio ugdymo grupes pateikiami informacin\u0117je sistemoje\u00a0<a href=\"http:\/\/www.registruok.lt\/\" target=\"_blank\" rel=\"noreferrer noopener\">www.registruok.lt<\/a>\u00a0&gt;\u00a0<a href=\"https:\/\/www.registruok.lt\/go.php\/VILNIAUS-RAJONO-SAVIVALDYBE19015221898\" target=\"_blank\" rel=\"noreferrer noopener\">Vilniaus rajono savivaldyb\u0117.<\/a><\/p>\n<p style=\"text-align: justify;\">T\u0117vai (glob\u0117jai), neturintys galimybi\u0173 pateikti pra\u0161ymo elektroniniu b\u016bdu informacin\u0117je sistemoje, teikia pasira\u0161yt\u0105 pra\u0161ym\u0105 el. pa\u0161tu, registruotu pa\u0161tu arba pildo pra\u0161ym\u0105 Savivaldyb\u0117je. Pra\u0161yme pateikiami reikalingi duomenys bei pridedami\u00a0prioritet\u0105 (-us) \u012frodan\u010dio (-i\u0173) dokumento (-\u0173) ir vaiko gimimo \u012fra\u0161\u0105 liudijan\u010dio i\u0161ra\u0161o kopijos.<\/p>\n<p style=\"text-align: justify;\">T\u0117vai (glob\u0117jai), kurie nor\u0117t\u0173 vaikui, lankan\u010diam \u0161vietimo \u012fstaig\u0105 ar \u012fstaigos skyri\u0173, pakeisti ugdom\u0105j\u0105 kalb\u0105, \u0161vietimo \u012fstaig\u0105 ar \u012fstaigos skyri\u0173 informacin\u0117je sistemoje tur\u0117t\u0173 pasirinkus funkcionalum\u0105 \u201epakeisti \u0161vietimo \u012fstaig\u0105\u201c pateikti nauj\u0105 pra\u0161ym\u0105.<\/p>\n<p style=\"text-align: justify;\"><strong>Kada su\u017einosime, ar vaikui skirta vieta ikimokyklinio ugdymo grup\u0117je?<\/strong><\/p>\n<p style=\"text-align: justify;\">Vaik\u0173\u00a0<strong>priskyrimas \u012f ikimokyklinio ugdymo grupes<\/strong>\u00a0prasideda einam\u0173j\u0173 met\u0173\u00a0<strong>baland\u017eio 1 d.<\/strong>\u00a0Grup\u0117s formuojamos einam\u0173j\u0173 met\u0173 rugs\u0117jo 1 d.<\/p>\n<p style=\"text-align: justify;\">T\u0117vams (glob\u0117jams) apie skirt\u0105 viet\u0105 \u0161vietimo \u012fstaigoje pagrindinio vaik\u0173 priskyrimo \u012f grupes metu prane\u0161ama telefonu ar elektroniniu pa\u0161tu nuo einam\u0173j\u0173 met\u0173<\/p>\n<p style=\"text-align: justify;\"><strong>baland\u017eio 1 d.<\/strong>\u00a0iki\u00a0<strong>bir\u017eelio 15 d.<\/strong>, papildomo vaik\u0173 priskyrimo \u012f grupes metu \u2013 nuo einam\u0173j\u0173 met\u0173\u00a0<strong>bir\u017eelio 1 d.<\/strong>\u00a0iki\u00a0<strong>rugpj\u016b\u010dio 31 d.<\/strong><\/p>\n<p style=\"text-align: justify;\">\u012e laisvas vietas jau sudarytose ikimokyklinio ugdymo grup\u0117se vaikai priskiriami nuolat.<\/p>\n<p>&nbsp;<\/p>","protected":false},"excerpt":{"rendered":"<p>Pri\u0117mimas \u012f Vilniaus r. Bezdoni\u0173 Julijaus Slovackio gimnazij\u0105 2026-2027 m. m. Pri\u0117mimo \u012f Vilniaus rajono savivaldyb\u0117s bendrojo ugdymo mokyklas mokytis pagal bendrojo ugdymo programas tvarkos apra\u0161as Pra\u0161ymas d\u0117l pri\u0117mimo \u012f gimnazij\u0105 D\u0117l pri\u0117mimo tvarkos patvirtinimo 2025-02-27 Sprendimas d\u0117l pri\u0117mimo tvarkos panaikinimo 2025-02-21 LR \u0160MSM Prie\u0161mokyklinio ugdymo tvarkos apra\u0161as 2024-09-01 Nuo kovo 1 d. iki gegu\u017e\u0117s 30 d. vyksta pagrindinis pra\u0161ym\u0173\u00a0pri\u0117mimas<\/p>\n","protected":false},"author":1,"featured_media":0,"parent":6225,"menu_order":0,"comment_status":"closed","ping_status":"closed","template":"","meta":{"footnotes":""},"class_list":["post-24772","page","type-page","status-publish","hentry"],"jetpack_sharing_enabled":true,"_links":{"self":[{"href":"https:\/\/www.slovackio.vilniausr.lm.lt\/index.php?rest_route=\/wp\/v2\/pages\/24772","targetHints":{"allow":["GET"]}}],"collection":[{"href":"https:\/\/www.slovackio.vilniausr.lm.lt\/index.php?rest_route=\/wp\/v2\/pages"}],"about":[{"href":"https:\/\/www.slovackio.vilniausr.lm.lt\/index.php?rest_route=\/wp\/v2\/types\/page"}],"author":[{"embeddable":true,"href":"https:\/\/www.slovackio.vilniausr.lm.lt\/index.php?rest_route=\/wp\/v2\/users\/1"}],"replies":[{"embeddable":true,"href":"https:\/\/www.slovackio.vilniausr.lm.lt\/index.php?rest_route=%2Fwp%2Fv2%2Fcomments&post=24772"}],"version-history":[{"count":31,"href":"https:\/\/www.slovackio.vilniausr.lm.lt\/index.php?rest_route=\/wp\/v2\/pages\/24772\/revisions"}],"predecessor-version":[{"id":34837,"href":"https:\/\/www.slovackio.vilniausr.lm.lt\/index.php?rest_route=\/wp\/v2\/pages\/24772\/revisions\/34837"}],"up":[{"embeddable":true,"href":"https:\/\/www.slovackio.vilniausr.lm.lt\/index.php?rest_route=\/wp\/v2\/pages\/6225"}],"wp:attachment":[{"href":"https:\/\/www.slovackio.vilniausr.lm.lt\/index.php?rest_route=%2Fwp%2Fv2%2Fmedia&parent=24772"}],"curies":[{"name":"wp","href":"https:\/\/api.w.org\/{rel}","templated":true}]}}