{"id":24731,"date":"2022-09-30T11:27:16","date_gmt":"2022-09-30T09:27:16","guid":{"rendered":"http:\/\/www.slovackio.vilniausr.lm.lt\/?page_id=24731"},"modified":"2024-02-21T17:29:46","modified_gmt":"2024-02-21T15:29:46","slug":"teises-aktai","status":"publish","type":"page","link":"https:\/\/www.slovackio.vilniausr.lm.lt\/?page_id=24731","title":{"rendered":"Teis\u0117s aktai"},"content":{"rendered":"<p><\/p>\n<p class=\"western\" align=\"left\"><strong><span style=\"color: #000080;\"><span style=\"font-size: large;\">Lietuvos Respublikos teis\u0117s aktai, reglamentuojantys \u0161vietim\u0105<\/span><\/span><\/strong><\/p>\n<p class=\"western\"><span style=\"color: #000000;\"><span style=\"font-size: large;\">Lietuvos Respublikos Konstitucija <\/span><\/span><\/p>\n<p class=\"western\"><span style=\"color: #0000ff;\"><u><a href=\"https:\/\/www.e-tar.lt\/portal\/lt\/legalAct\/TAR.47BB952431DA\">https:\/\/www.e-tar.lt\/portal\/lt\/legalAct\/TAR.47BB952431DA<\/a><\/u><\/span><\/p>\n<p class=\"western\"><span style=\"color: #000000;\"><span style=\"font-size: large;\">Vaiko teisi\u0173 konvencija<\/span><\/span> <span style=\"color: #0000ff;\"><u><a href=\"https:\/\/www.e-tar.lt\/portal\/lt\/legalAct\/TAR.2FB4C5F44B52\">https:\/\/www.e-tar.lt\/portal\/lt\/legalAct\/TAR.2FB4C5F44B52<\/a><\/u><\/span><\/p>\n<p class=\"western\"><span style=\"color: #000000;\"><span style=\"font-size: large;\">Vaiko gerov\u0117s valstyb\u0117s politikos koncepcija<\/span><\/span><\/p>\n<p class=\"western\"><span style=\"color: #0000ff;\"><u><a href=\"https:\/\/www.e-tar.lt\/portal\/lt\/legalAct\/TAR.1882ABF8B6AB\">https:\/\/www.e-tar.lt\/portal\/lt\/legalAct\/TAR.1882ABF8B6AB<\/a><\/u><\/span><\/p>\n<p class=\"western\"><span style=\"color: #000000;\"><span style=\"font-size: large;\">Valstyb\u0117s pa\u017eangos strategija ,,Lietuvos pa\u017eangos strategija \u201eLietuva 2030\u201c<\/span><\/span><\/p>\n<p class=\"western\"><span style=\"color: #0000ff;\"><u><a href=\"https:\/\/www.e-tar.lt\/portal\/lt\/legalAct\/TAR.5EE74F9648A5\">https:\/\/www.e-tar.lt\/portal\/lt\/legalAct\/TAR.5EE74F9648A5<\/a><\/u><\/span><\/p>\n<p class=\"western\"><span style=\"color: #000000;\"><span style=\"font-size: large;\">Valstybin\u0117 \u0161vietimo 2013\u20132022 met\u0173 strategija<\/span><\/span><\/p>\n<p class=\"western\"><span style=\"color: #0000ff;\"><u><a href=\"https:\/\/www.e-tar.lt\/portal\/lt\/legalAct\/b1fb6cc089d911e397b5c02d3197f382\">https:\/\/www.e-tar.lt\/portal\/lt\/legalAct\/b1fb6cc089d911e397b5c02d3197f382<\/a><\/u><\/span><\/p>\n<p class=\"western\"><span style=\"font-size: large;\">Lietuvos Respublikos \u0161vietimo \u012fstatymas<\/span><\/p>\n<p class=\"western\"><span style=\"color: #0000ff;\"><u><a href=\"https:\/\/www.e-tar.lt\/portal\/lt\/legalAct\/TAR.9A3AD08EA5D0\">https:\/\/www.e-tar.lt\/portal\/lt\/legalAct\/TAR.9A3AD08EA5D0<\/a><\/u><\/span><\/p>\n<p class=\"western\"><span style=\"color: #000000;\"><span style=\"font-size: large;\">Lietuvos Respublikos vaiko teisi\u0173 apsaugos pagrind\u0173 \u012fstatymas <\/span><\/span><\/p>\n<p class=\"western\"><span style=\"color: #0000ff;\"><u><a href=\"https:\/\/www.e-tar.lt\/portal\/lt\/legalAct\/TAR.C8205E261830\">https:\/\/www.e-tar.lt\/portal\/lt\/legalAct\/TAR.C8205E261830<\/a><\/u><\/span><\/p>\n<p class=\"western\"><span style=\"font-size: large;\">Lietuvos Respublikos vaiko minimalios ir vidutin\u0117s prie\u017ei\u016bros \u012fstatymas<\/span><\/p>\n<p class=\"western\"><span style=\"color: #0000ff;\"><u><a href=\"https:\/\/www.e-tar.lt\/portal\/lt\/legalAct\/TAR.90D8CF4E3E9F\">https:\/\/www.e-tar.lt\/portal\/lt\/legalAct\/TAR.90D8CF4E3E9F<\/a><\/u><\/span><\/p>\n<p class=\"western\"><span style=\"color: #000000;\"><span style=\"font-size: large;\">Lietuvos Respublikos socialin\u0117s paramos mokiniams \u012fstatymas<\/span><\/span><\/p>\n<p class=\"western\"><span style=\"color: #0000ff;\"><u><a href=\"https:\/\/www.e-tar.lt\/portal\/lt\/legalAct\/TAR.915C6D6EB2A5\">https:\/\/www.e-tar.lt\/portal\/lt\/legalAct\/TAR.915C6D6EB2A5<\/a><\/u><\/span><\/p>\n<p class=\"western\"><span style=\"font-size: large;\">Lietuvos Respublikos transporto lengvat\u0173 \u012fstatymas<\/span><\/p>\n<p class=\"western\"><span style=\"color: #0000ff;\"><u><a href=\"https:\/\/www.e-tar.lt\/portal\/lt\/legalAct\/TAR.033D686E8F1B\">https:\/\/www.e-tar.lt\/portal\/lt\/legalAct\/TAR.033D686E8F1B<\/a><\/u><\/span><\/p>\n<p class=\"western\"><span style=\"font-size: large;\">Lietuvos Respublikos sporto \u012fstatymas<\/span><\/p>\n<p class=\"western\"><span style=\"color: #0000ff;\"><u><a href=\"https:\/\/www.e-tar.lt\/portal\/lt\/legalAct\/TAR.791BF9249C9C\">https:\/\/www.e-tar.lt\/portal\/lt\/legalAct\/TAR.791BF9249C9C<\/a><\/u><\/span><\/p>\n<p class=\"western\"><span style=\"font-size: large;\">Lietuvos Respublikos neformaliojo suaugusi\u0173j\u0173 \u0161vietimo ir t\u0119stinio mokymosi \u012fstatymas <\/span><span style=\"color: #0000ff;\"><u><a href=\"https:\/\/www.e-tar.lt\/portal\/lt\/legalAct\/TAR.CE3B174CA7E6\">https:\/\/www.e-tar.lt\/portal\/lt\/legalAct\/TAR.CE3B174CA7E6<\/a><\/u><\/span><\/p>\n<p class=\"western\"><span style=\"font-size: large;\">Geros mokyklos koncepcija<\/span><\/p>\n<p class=\"western\"><span style=\"color: #0000ff;\"><u><a href=\"https:\/\/www.e-tar.lt\/portal\/lt\/legalAct\/f2f65120a7bb11e5be7fbe3f919a1ebe\">https:\/\/www.e-tar.lt\/portal\/lt\/legalAct\/f2f65120a7bb11e5be7fbe3f919a1ebe<\/a><\/u><\/span><\/p>\n<p class=\"western\"><span style=\"color: #000000;\"><span style=\"font-size: large;\">\u0160vietimo apr\u016bpinimo standartai<\/span><\/span><\/p>\n<p class=\"western\"><span style=\"color: #0000ff;\"><u><a href=\"https:\/\/www.e-tar.lt\/portal\/lt\/legalAct\/TAR.83773518914F\">https:\/\/www.e-tar.lt\/portal\/lt\/legalAct\/TAR.83773518914F<\/a><\/u><\/span><\/p>\n<p class=\"western\"><span style=\"font-size: large;\">Ikimokyklinio ugdymo program\u0173 kriterij\u0173 apra\u0161as<\/span><\/p>\n<p class=\"western\"><span style=\"color: #0000ff;\"><u><a href=\"https:\/\/www.e-tar.lt\/portal\/lt\/legalAct\/TAR.F75FE2733AF1\">https:\/\/www.e-tar.lt\/portal\/lt\/legalAct\/TAR.F75FE2733AF1<\/a><\/u><\/span><\/p>\n<p class=\"western\"><span style=\"font-size: large;\">Prie\u0161mokyklinio ugdymo tvarkos apra\u0161as<\/span><\/p>\n<p class=\"western\"><span style=\"color: #0000ff;\"><u><a href=\"https:\/\/www.e-tar.lt\/portal\/lt\/legalAct\/TAR.3BD8DC009FDA\">https:\/\/www.e-tar.lt\/portal\/lt\/legalAct\/TAR.3BD8DC009FDA<\/a><\/u><\/span><\/p>\n<p class=\"western\"><span style=\"color: #000000;\"><span style=\"font-size: large;\">Prie\u0161mokyklinio, pradinio, pagrindinio ir vidurinio ugdymo bendrosios programos <\/span><\/span><span style=\"color: #0000ff;\"><u><a href=\"https:\/\/www.e-tar.lt\/portal\/lt\/legalAct\/1a764050239511edb4cae1b158f98ea5\">https:\/\/www.e-tar.lt\/portal\/lt\/legalAct\/1a764050239511edb4cae1b158f98ea5<\/a><\/u><\/span><\/p>\n<p class=\"western\"><span style=\"font-size: large;\">Pradinio, pagrindinio ir vidurinio ugdymo program\u0173 apra\u0161as<\/span><\/p>\n<p class=\"western\"><span style=\"color: #0000ff;\"><u><a href=\"https:\/\/www.e-tar.lt\/portal\/lt\/legalAct\/37350520a7bc11e5be7fbe3f919a1ebe\">https:\/\/www.e-tar.lt\/portal\/lt\/legalAct\/37350520a7bc11e5be7fbe3f919a1ebe<\/a><\/u><\/span><\/p>\n<p class=\"western\"><span style=\"font-size: large;\">\u017dmogaus saugos bendroji programa<\/span><\/p>\n<p class=\"western\"><span style=\"color: #0000ff;\"><u><a href=\"https:\/\/www.e-tar.lt\/portal\/lt\/legalAct\/TAR.903907D9514F\/asr\">https:\/\/www.e-tar.lt\/portal\/lt\/legalAct\/TAR.903907D9514F\/asr<\/a><\/u><\/span><\/p>\n<p class=\"western\"><span style=\"font-size: large;\">Alkoholio, tabako ir kit\u0173 psichik\u0105 veikian\u010di\u0173 med\u017eiag\u0173 vartojimo prevencijos programa <\/span><span style=\"color: #0000ff;\"><u><a href=\"https:\/\/www.e-tar.lt\/portal\/lt\/legalAct\/TAR.C8B5956EC3A8\">https:\/\/www.e-tar.lt\/portal\/lt\/legalAct\/TAR.C8B5956EC3A8<\/a><\/u><\/span><\/p>\n<p class=\"western\"><span style=\"font-size: large;\">Sveikatos ir lyti\u0161kumo ugdymo bei rengimo \u0161eimai bendroji programa <\/span><span style=\"color: #0000ff;\"><u><a href=\"https:\/\/www.e-tar.lt\/portal\/lt\/legalAct\/b10c19209a9a11e69ad4c8713b612d0f\">https:\/\/www.e-tar.lt\/portal\/lt\/legalAct\/b10c19209a9a11e69ad4c8713b612d0f<\/a><\/u><\/span><\/p>\n<p class=\"western\"><span style=\"font-size: large;\">Etnin\u0117s kult\u016bros bendroji programa<\/span><\/p>\n<p class=\"western\"><span style=\"color: #0000ff;\"><u><a href=\"https:\/\/www.e-tar.lt\/portal\/lt\/legalAct\/TAR.EFE610207736\">https:\/\/www.e-tar.lt\/portal\/lt\/legalAct\/TAR.EFE610207736<\/a><\/u><\/span><\/p>\n<p class=\"western\"><span style=\"font-size: large;\">Bendr\u0173j\u0173 program\u0173 atnaujinimo gair\u0117s<\/span><\/p>\n<p class=\"western\"><span style=\"color: #0000ff;\"><u><a href=\"https:\/\/www.e-tar.lt\/portal\/lt\/legalAct\/e3e9269009e511ea9d279ea27696ab7b\">https:\/\/www.e-tar.lt\/portal\/lt\/legalAct\/e3e9269009e511ea9d279ea27696ab7b<\/a><\/u><\/span><\/p>\n<p class=\"western\"><span style=\"color: #000000;\"><span style=\"font-size: large;\">Nuosekliojo mokymosi pagal bendrojo ugdymo programas tvarkos apra\u0161as<\/span><\/span><\/p>\n<p class=\"western\"><span style=\"color: #0000ff;\"><u><a href=\"https:\/\/www.e-tar.lt\/portal\/lt\/legalAct\/TAR.310753DF1036\">https:\/\/www.e-tar.lt\/portal\/lt\/legalAct\/TAR.310753DF1036<\/a><\/u><\/span><\/p>\n<p class=\"western\"><span style=\"color: #000000;\"><span style=\"font-size: large;\">Privalomo ikimokyklinio ugdymo nustatymo ir skyrimo tvarkos apra\u0161as<\/span><\/span><\/p>\n<p class=\"western\"><span style=\"color: #0000ff;\"><u><a href=\"https:\/\/www.e-tar.lt\/portal\/lt\/legalAct\/TAR.4F69489322E6\">https:\/\/www.e-tar.lt\/portal\/lt\/legalAct\/TAR.4F69489322E6<\/a><\/u><\/span><\/p>\n<p class=\"western\"><span style=\"font-size: large;\">Vaiko ugdymo ir ugdymosi poreiki\u0173, pa\u017eangos \u012fvertinimo tvarkos apra\u0161as<\/span><\/p>\n<p class=\"western\"><span style=\"color: #0000ff;\"><u><a href=\"https:\/\/www.e-tar.lt\/portal\/lt\/legalAct\/ab192f1066de11eca9ac839120d251c4\">https:\/\/www.e-tar.lt\/portal\/lt\/legalAct\/ab192f1066de11eca9ac839120d251c4<\/a><\/u><\/span><\/p>\n<p class=\"western\"><span style=\"font-size: large;\">Mokini\u0173, turin\u010di\u0173 speciali\u0173j\u0173 ugdymosi poreiki\u0173, ugdymo organizavimo tvarkos apra\u0161as<\/span> <span style=\"color: #0000ff;\"><u><a href=\"https:\/\/www.e-tar.lt\/portal\/lt\/legalAct\/TAR.F0E90ABE387D\">https:\/\/www.e-tar.lt\/portal\/lt\/legalAct\/TAR.F0E90ABE387D<\/a><\/u><\/span><\/p>\n<p class=\"western\"><span style=\"color: #000000;\"><span style=\"font-size: large;\">Mokymosi pagal formaliojo \u0161vietimo programas (i\u0161skyrus auk\u0161tojo mokslo studij\u0173 programas) form\u0173 ir mokymo organizavimo tvarkos apra\u0161as<\/span><\/span><\/p>\n<p class=\"western\"><span style=\"color: #0000ff;\"><u><a href=\"https:\/\/www.e-tar.lt\/portal\/lt\/legalAct\/TAR.D9FEEA7BE2D6\">https:\/\/www.e-tar.lt\/portal\/lt\/legalact\/tar.d9feea7be2d6<\/a><\/u><\/span><\/p>\n<p class=\"western\"><span style=\"font-size: large;\">Mokini\u0173 dalykini\u0173 olimpiad\u0173, konkurs\u0173 ir kit\u0173 rengini\u0173 nuostatai<\/span><\/p>\n<p class=\"western\"><span style=\"color: #0000ff;\"><u><a href=\"https:\/\/www.e-tar.lt\/portal\/lt\/legalAct\/e36423c08e9a11ea9515f752ff221ec9\">https:\/\/www.e-tar.lt\/portal\/lt\/legalAct\/e36423c08e9a11ea9515f752ff221ec9<\/a><\/u><\/span><\/p>\n<p class=\"western\"><span style=\"font-size: large;\">Mokini\u0173 pa\u017eintinei veiklai skirt\u0173 l\u0117\u0161\u0173 naudojimo metodin\u0117s rekomendacijos<\/span><\/p>\n<p class=\"western\"><span style=\"color: #0000ff;\"><u><a href=\"https:\/\/www.e-tar.lt\/portal\/lt\/legalAct\/TAR.396083A84FD2\">https:\/\/www.e-tar.lt\/portal\/lt\/legalAct\/TAR.396083A84FD2<\/a><\/u><\/span><\/p>\n<p class=\"western\"><span style=\"font-size: large;\">Vaik\u0173 maitinimo organizavimo tvarkos apra\u0161as<\/span><\/p>\n<p class=\"western\"><span style=\"color: #0000ff;\"><u><a href=\"https:\/\/www.e-tar.lt\/portal\/lt\/legalAct\/TAR.3B14F18E2B3C\/asr\">https:\/\/www.e-tar.lt\/portal\/lt\/legalAct\/TAR.3B14F18E2B3C\/asr<\/a><\/u><\/span><\/p>\n<p class=\"western\"><span style=\"font-size: large;\">Mokini\u0173 ve\u017eimo mokykliniu autobusu tvarkos apra\u0161as<\/span><\/p>\n<p class=\"western\"><span style=\"color: #0000ff;\"><u><a href=\"https:\/\/www.e-tar.lt\/portal\/lt\/legalAct\/1e475f303eb711e6a8ae9e1795984391\/asr\">https:\/\/www.e-tar.lt\/portal\/lt\/legalAct\/1e475f303eb711e6a8ae9e1795984391\/asr<\/a><\/u><\/span><\/p>\n<p class=\"western\"><span style=\"color: #000000;\"><span style=\"font-size: large;\">Bendrojo ugdymo dalyk\u0173 vadov\u0117li\u0173 ir mokymo priemoni\u0173 atitikties teis\u0117s aktams \u012fvertinimo ir apr\u016bpinimo jais tvarkos apra\u0161as <\/span><\/span><\/p>\n<p class=\"western\"><span style=\"color: #0000ff;\"><u><a href=\"https:\/\/www.e-tar.lt\/portal\/lt\/legalAct\/cb34f0b0dbe911ec8d9390588bf2de65\">https:\/\/www.e-tar.lt\/portal\/lt\/legalAct\/cb34f0b0dbe911ec8d9390588bf2de65<\/a><\/u><\/span><\/p>\n<p class=\"western\" style=\"text-align: left;\" align=\"center\"><span style=\"font-size: large; color: #000080;\"><b>\u0160vietimo \u012fstaig\u0173 higienos normos:<\/b><\/span><\/p>\n<p class=\"western\"><span style=\"color: #000000;\"><span style=\"font-size: large;\">Lietuvos higienos norma HN 75:2016 \u201eIkimokyklinio ir prie\u0161mokyklinio ugdymo program\u0173 vykdymo bendrieji sveikatos saugos reikalavimai\u201c<\/span><\/span><\/p>\n<p class=\"western\"><span style=\"color: #0000ff;\"><u><a href=\"https:\/\/www.e-tar.lt\/portal\/lt\/legalAct\/TAR.AF02472A1EBF\/asr\">https:\/\/www.e-tar.lt\/portal\/lt\/legalAct\/TAR.AF02472A1EBF\/asr<\/a><\/u><\/span><\/p>\n<p class=\"western\"><span style=\"color: #000000;\"><span style=\"font-size: large;\">Lietuvos higienos norma HN 21:2017 \u201eMokykla, vykdanti bendrojo ugdymo programas. Bendrieji sveikatos saugos reikalavimai\u201c<\/span><\/span><\/p>\n<p class=\"western\"><span style=\"color: #0000ff;\"><u><a href=\"https:\/\/www.e-tar.lt\/portal\/lt\/legalAct\/TAR.2581A7005CA7\/asr\">https:\/\/www.e-tar.lt\/portal\/lt\/legalAct\/TAR.2581A7005CA7\/asr<\/a><\/u><\/span><\/p>\n<p class=\"western\"><span style=\"color: #000000;\"><span style=\"font-size: large;\">Lietuvos higienos norma HN 20:2018\u00a0\u201eNeformaliojo vaik\u0173 \u0161vietimo program\u0173 vykdymo bendrieji sveikatos saugos reikalavimai\u201c<\/span><\/span><\/p>\n<p class=\"western\"><span style=\"color: #0000ff;\"><u><a href=\"https:\/\/www.e-tar.lt\/portal\/lt\/legalAct\/TAR.F73BA10EE59F\/asr\">https:\/\/www.e-tar.lt\/portal\/lt\/legalAct\/TAR.F73BA10EE59F\/asr<\/a><\/u><\/span><\/p>\n<p class=\"western\"><strong><span style=\"font-size: large;\">Daugiau teis\u0117s akt\u0173 galima rasti Teis\u0117s akt\u0173 registre <\/span><\/strong><span style=\"color: #0000ff;\"><u><a href=\"http:\/\/www.e-tar.lt\/\"><span style=\"font-size: large;\">www.e-tar.lt<\/span><\/a><\/u><\/span><\/p>\n<p class=\"western\"><strong style=\"color: #000080; font-size: 0.95em;\"><span style=\"font-size: large;\">Savivaldyb\u0117s teis\u0117s aktai, reglamentuojantys \u0161vietim\u0105<\/span><\/strong><\/p>\n<p class=\"western\"><span style=\"color: #000000;\"><span style=\"font-size: large;\">Centralizuoto vaik\u0173 pri\u0117mimo \u012f \u0160vietimo, mokslo ir sporto ministerijos ir Vilniaus rajono savivaldyb\u0117s \u0161vietimo \u012fstaig\u0173 ikimokyklinio ir prie\u0161mokyklinio ugdymo grupes organizavimo tvarkos apra\u0161as<\/span><\/span><\/p>\n<p class=\"western\"><span style=\"color: #0000ff;\"><u><a href=\"https:\/\/www.e-tar.lt\/portal\/lt\/legalAct\/c421e3b0708511edbc04912defe897d1\">https:\/\/www.e-tar.lt\/portal\/lt\/legalAct\/c421e3b0708511edbc04912defe897d1<\/a><\/u><\/span><\/p>\n<p class=\"western\"><span style=\"color: #000000;\"><span style=\"font-size: large;\">Vilniaus rajono savivaldyb\u0117s ikimokyklinio ir bendrojo ugdymo mokykl\u0173 prie\u0161mokyklinio ugdymo organizavimo modeli\u0173 apra\u0161as <\/span><\/span><\/p>\n<p class=\"western\"><span style=\"color: #0000ff;\"><u><a href=\"https:\/\/www.e-tar.lt\/portal\/lt\/legalAct\/64b306c0ba0111eb8c24980b2b0e0fef\">https:\/\/www.e-tar.lt\/portal\/lt\/legalAct\/64b306c0ba0111eb8c24980b2b0e0fef<\/a><\/u><\/span><\/p>\n<p class=\"western\"><span style=\"font-size: large;\">Mokes\u010dio u\u017e vaiko maitinim\u0105 ir ugdymo reikmi\u0173 tenkinim\u0105 Vilniaus rajono savivaldyb\u0117s \u0161vietimo \u012fstaigose, \u012fgyvendinan\u010diose ikimokyklinio ir prie\u0161mokyklinio ugdymo programas, nustatymo tvarkos apra\u0161as<\/span><\/p>\n<p class=\"western\"><span style=\"color: #0000ff;\"><u><a href=\"https:\/\/www.e-tar.lt\/portal\/lt\/legalAct\/7bf8d610608d11e79198ffdb108a3753\/asr\">https:\/\/www.e-tar.lt\/portal\/lt\/legalAct\/7bf8d610608d11e79198ffdb108a3753\/asr<\/a><\/u><\/span><\/p>\n<p class=\"western\"><span style=\"font-size: large;\">Pri\u0117mimo \u012f Vilniaus rajono savivaldyb\u0117s bendrojo ugdymo mokyklas tvarkos apra\u0161as <\/span><span style=\"color: #0000ff;\"><u><a href=\"https:\/\/www.e-tar.lt\/portal\/lt\/legalAct\/a3ed7ce04d6411ea8aceeadd0c5b168c\">https:\/\/www.e-tar.lt\/portal\/lt\/legalAct\/a3ed7ce04d6411ea8aceeadd0c5b168c<\/a><\/u><\/span><\/p>\n<p class=\"western\"><span style=\"color: #000000;\"><span style=\"font-size: large;\">Vilniaus rajono savivaldyb\u0117s teritorijoje gyvenan\u010di\u0173 vaik\u0173 apskaitos tvarkos apra\u0161as<\/span><\/span> <span style=\"color: #0000ff;\"><u><a href=\"https:\/\/www.e-tar.lt\/portal\/lt\/legalAct\/933f8530e9ca11e99681cd81dcdca52c\">https:\/\/www.e-tar.lt\/portal\/lt\/legalAct\/933f8530e9ca11e99681cd81dcdca52c<\/a><\/u><\/span><\/p>\n<p class=\"western\"><span style=\"font-size: large;\">Maitinimo organizavimo Vilniaus rajono savivaldyb\u0117s bendrojo ugdymo mokyklose tvarkos apra\u0161as<\/span><\/p>\n<p class=\"western\"><span style=\"color: #0000ff;\"><u><a href=\"https:\/\/www.e-tar.lt\/portal\/lt\/legalAct\/74662f40444811eb8d9fe110e148c770\">https:\/\/www.e-tar.lt\/portal\/lt\/legalAct\/74662f40444811eb8d9fe110e148c770<\/a><\/u><\/span><\/p>\n<p class=\"western\"><span style=\"font-size: large;\">Mokini\u0173 nemokamo maitinimo mokyklose ir Paramos mokinio reikmenims \u012fsigyti tvarkos apra\u0161ai<\/span><\/p>\n<p class=\"western\"><span style=\"color: #0000ff;\"><u><a href=\"https:\/\/www.e-tar.lt\/portal\/lt\/legalAct\/75765a502e9b11e9b66f85227a03f7a3\">https:\/\/www.e-tar.lt\/portal\/lt\/legalAct\/75765a502e9b11e9b66f85227a03f7a3<\/a><\/u><\/span><\/p>\n<p class=\"western\"><span style=\"color: #000000;\"><span style=\"font-size: large;\">Mokini\u0173 pav\u0117\u017e\u0117jimo t\u0117v\u0173 (glob\u0117j\u0173, r\u016bpintoj\u0173), priva\u010diu transportu organizavimo ir kelion\u0117s i\u0161laid\u0173 kompensavimo tvarkos apra\u0161as <\/span><\/span><\/p>\n<p class=\"western\"><span style=\"color: #0000ff;\"><u><a href=\"https:\/\/www.e-tar.lt\/portal\/lt\/legalAct\/4495f8e1850611ecbd43a994b3e2e1cb\">https:\/\/www.e-tar.lt\/portal\/lt\/legalAct\/4495f8e1850611ecbd43a994b3e2e1cb<\/a><\/u><\/span><\/p>\n<p class=\"western\"><span style=\"font-size: large;\">Mokini\u0173 ve\u017eiojimo Vilniaus rajone specialiaisiais reisais tvarkos apra\u0161as <\/span><\/p>\n<p class=\"western\"><span style=\"color: #0000ff;\"><u><a href=\"https:\/\/www.e-tar.lt\/portal\/lt\/legalAct\/64c466f0e0dd11ec8d9390588bf2de65\">https:\/\/www.e-tar.lt\/portal\/lt\/legalAct\/64c466f0e0dd11ec8d9390588bf2de65<\/a><\/u><\/span><\/p>\n<p class=\"western\"><span style=\"color: #000000;\"><span style=\"font-size: large;\">Vilniaus rajono savivaldyb\u0117s teritorijoje esan\u010di\u0173 mokykl\u0173 mokini\u0173 ve\u017eiojimo reguliaraus susisiekimo, mokykliniais autobusais, keleiviniais traukiniais ir j\u0173 kelion\u0117s i\u0161laid\u0173 kompensavimo tvarkos apra\u0161as<\/span><\/span><\/p>\n<p class=\"western\"><span style=\"color: #0000ff;\"><u><a href=\"https:\/\/www.e-tar.lt\/portal\/lt\/legalAct\/SAV.518884\">https:\/\/www.e-tar.lt\/portal\/lt\/legalAct\/SAV.518884<\/a><\/u><\/span><\/p>\n<p class=\"western\"><span style=\"color: #212529;\"><span style=\"font-size: large;\">D\u0117l teis\u0117s \u012fsigyti va\u017eiavimo biliet\u0105 su nuolaida mokiniams<\/span><\/span><\/p>\n<p class=\"western\"><span style=\"color: #0000ff;\"><u><a href=\"https:\/\/www.e-tar.lt\/portal\/lt\/legalAct\/69fde250840211ecbd43a994b3e2e1cb\">https:\/\/www.e-tar.lt\/portal\/lt\/legalAct\/69fde250840211ecbd43a994b3e2e1cb<\/a><\/u><\/span><\/p>\n<p class=\"western\"><span style=\"font-size: large;\">Daugiau savivaldyb\u0117s teis\u0117s akt\u0173 galima rasti Vilniaus rajono savivaldyb\u0117s dokument\u0173 paie\u0161koje <\/span><span style=\"color: #0000ff;\"><u><a href=\"https:\/\/web.vrsa.lt\/vaktai\/\">https:\/\/web.vrsa.lt\/vaktai<\/a><\/u><\/span><\/p>\n<p><\/p>","protected":false},"excerpt":{"rendered":"<p>Lietuvos Respublikos teis\u0117s aktai, reglamentuojantys \u0161vietim\u0105 Lietuvos Respublikos Konstitucija https:\/\/www.e-tar.lt\/portal\/lt\/legalAct\/TAR.47BB952431DA Vaiko teisi\u0173 konvencija https:\/\/www.e-tar.lt\/portal\/lt\/legalAct\/TAR.2FB4C5F44B52 Vaiko gerov\u0117s valstyb\u0117s politikos koncepcija https:\/\/www.e-tar.lt\/portal\/lt\/legalAct\/TAR.1882ABF8B6AB Valstyb\u0117s pa\u017eangos strategija ,,Lietuvos pa\u017eangos strategija \u201eLietuva 2030\u201c https:\/\/www.e-tar.lt\/portal\/lt\/legalAct\/TAR.5EE74F9648A5 Valstybin\u0117 \u0161vietimo 2013\u20132022 met\u0173 strategija https:\/\/www.e-tar.lt\/portal\/lt\/legalAct\/b1fb6cc089d911e397b5c02d3197f382 Lietuvos Respublikos \u0161vietimo \u012fstatymas https:\/\/www.e-tar.lt\/portal\/lt\/legalAct\/TAR.9A3AD08EA5D0 Lietuvos Respublikos vaiko teisi\u0173 apsaugos pagrind\u0173 \u012fstatymas https:\/\/www.e-tar.lt\/portal\/lt\/legalAct\/TAR.C8205E261830 Lietuvos Respublikos vaiko minimalios ir vidutin\u0117s prie\u017ei\u016bros \u012fstatymas https:\/\/www.e-tar.lt\/portal\/lt\/legalAct\/TAR.90D8CF4E3E9F Lietuvos Respublikos socialin\u0117s<\/p>\n","protected":false},"author":1,"featured_media":0,"parent":17601,"menu_order":1,"comment_status":"closed","ping_status":"closed","template":"","meta":{"footnotes":""},"class_list":["post-24731","page","type-page","status-publish","hentry"],"jetpack_sharing_enabled":true,"_links":{"self":[{"href":"https:\/\/www.slovackio.vilniausr.lm.lt\/index.php?rest_route=\/wp\/v2\/pages\/24731","targetHints":{"allow":["GET"]}}],"collection":[{"href":"https:\/\/www.slovackio.vilniausr.lm.lt\/index.php?rest_route=\/wp\/v2\/pages"}],"about":[{"href":"https:\/\/www.slovackio.vilniausr.lm.lt\/index.php?rest_route=\/wp\/v2\/types\/page"}],"author":[{"embeddable":true,"href":"https:\/\/www.slovackio.vilniausr.lm.lt\/index.php?rest_route=\/wp\/v2\/users\/1"}],"replies":[{"embeddable":true,"href":"https:\/\/www.slovackio.vilniausr.lm.lt\/index.php?rest_route=%2Fwp%2Fv2%2Fcomments&post=24731"}],"version-history":[{"count":9,"href":"https:\/\/www.slovackio.vilniausr.lm.lt\/index.php?rest_route=\/wp\/v2\/pages\/24731\/revisions"}],"predecessor-version":[{"id":29023,"href":"https:\/\/www.slovackio.vilniausr.lm.lt\/index.php?rest_route=\/wp\/v2\/pages\/24731\/revisions\/29023"}],"up":[{"embeddable":true,"href":"https:\/\/www.slovackio.vilniausr.lm.lt\/index.php?rest_route=\/wp\/v2\/pages\/17601"}],"wp:attachment":[{"href":"https:\/\/www.slovackio.vilniausr.lm.lt\/index.php?rest_route=%2Fwp%2Fv2%2Fmedia&parent=24731"}],"curies":[{"name":"wp","href":"https:\/\/api.w.org\/{rel}","templated":true}]}}