{"id":22863,"date":"2021-09-30T19:18:49","date_gmt":"2021-09-30T17:18:49","guid":{"rendered":"http:\/\/www.slovackio.vilniausr.lm.lt\/?page_id=22863"},"modified":"2025-09-11T17:22:43","modified_gmt":"2025-09-11T15:22:43","slug":"prevencines-programos","status":"publish","type":"page","link":"https:\/\/www.slovackio.vilniausr.lm.lt\/?page_id=22863","title":{"rendered":"Prevencin\u0117 veikla"},"content":{"rendered":"<p><strong><span style=\"color: #000080;\">GAIR\u0116S T\u0116VAMS:<\/span><\/strong><\/p>\n<p><span style=\"color: #800000;\"><strong><a style=\"color: #800000;\" href=\"https:\/\/www.slovackio.vilniausr.lm.lt\/wp-content\/uploads\/Gaires-TEVAMS-kaip-apsaugoti-vaika-nuo-pavojingu-issukiu-socialiniuose-tinkluose.pdf\">kaip apsaugoti vaik\u0105 nuo pavojing\u0173 i\u0161\u0161\u016bki\u0173 socialiniuose tinkluose<\/a><\/strong><\/span><\/p>\n<h3 style=\"text-align: center;\"><span style=\"color: #000080;\"><strong>Prevencin\u0117 veikla gimnazijoje<\/strong><\/span><\/h3>\n<h6><span style=\"color: #000080;\">2025-2026 m.m. gimnazijoje vykdoma smurto prie\u0161 vaikus programa \u201eEsame saug\u016bs\u201c<\/span><\/h6>\n<h6><span style=\"color: #000080;\"> 1-8, I-IVG klasi\u0173 mokiniams.<\/span><\/h6>\n<p><span style=\"color: #800000;\"><strong>Daugiau:<\/strong><\/span><\/p>\n<blockquote class=\"wp-embedded-content\" data-secret=\"Ls8sFrtijP\"><p><a href=\"https:\/\/pvc.lt\/be-kategorijos-lt\/smurto-pries-vaikus-prevencijos-programa-esame-saugus\/\">Smurto prie\u0161 vaikus prevencijos programa \u201eEsame saug\u016bs\u201c<\/a><\/p><\/blockquote>\n<p><iframe loading=\"lazy\" class=\"wp-embedded-content\" sandbox=\"allow-scripts\" security=\"restricted\" style=\"position: absolute; visibility: hidden;\" title=\"\u201eSmurto prie\u0161 vaikus prevencijos programa \u201eEsame saug\u016bs\u201c\u201c &#8212; Paramos vaikams centras\" src=\"https:\/\/pvc.lt\/be-kategorijos-lt\/smurto-pries-vaikus-prevencijos-programa-esame-saugus\/embed\/#?secret=tGyB3GKtRn#?secret=Ls8sFrtijP\" data-secret=\"Ls8sFrtijP\" width=\"600\" height=\"338\" frameborder=\"0\" marginwidth=\"0\" marginheight=\"0\" scrolling=\"no\"><\/iframe><\/p>\n<p><span style=\"color: #003300;\"><strong>Programos koordinator\u0117 gimnazijoje &#8211; biologijos mokytoja Jolanta \u0160emien\u0117<\/strong><\/span><\/p>\n<p><span style=\"color: #000080;\"><strong>\u00a0<\/strong><\/span><\/p>\n<p><span style=\"color: #000080;\"><strong>Alkoholio, tabako ir kit\u0173 psichik\u0105 veikian\u010di\u0173 med\u017eiag\u0173 vartojimo prevencijos programa<\/strong> <a style=\"color: #000080;\" href=\"https:\/\/www.e-tar.lt\/portal\/lt\/legalAct\/TAR.C8B5956EC3A8\">https:\/\/www.e-tar.lt\/portal\/lt\/legalAct\/TAR.C8B5956EC3A8<\/a><\/span><\/p>\n<p><span style=\"color: #000080;\">Gimnazijoje veikia elektronin\u0117 platforma, skirta mokiniams, j\u0173 t\u0117vams ir mokytojams anonimi\u0161kai prane\u0161ti apie paty\u010dias mokykloje ,,<strong>Paty\u010di\u0173 d\u0117\u017eut\u0117<\/strong>\u201c <a style=\"color: #000080;\" href=\"https:\/\/patyciudezute.lt\">https:\/\/patyciudezute.lt<\/a><\/span><\/p>\n<p style=\"text-align: center;\"><span style=\"color: #000080;\"><strong><a style=\"color: #000080;\" href=\"https:\/\/www.slovackio.vilniausr.lm.lt\/wp-content\/uploads\/Patyciu-prevencijos-tvarkos-aprasas-2017-10-16.docx\">Vilniaus r. Bezdoni\u0173 Julijaus Slovackio gimnazijos smurto ir paty\u010di\u0173 prevencijos ir intervencijos vykdymo tvarkos apra\u0161as\u00a0<\/a><\/strong><\/span><\/p>\n<p style=\"text-align: justify;\"><span style=\"color: #000080;\">Gimnazijoje \u012fgyvendinamos socialini\u0173 ir emocini\u0173 \u012fg\u016bd\u017ei\u0173 bei kompetencij\u0173 ugdymo, paty\u010di\u0173, psichoaktyvi\u0173 med\u017eiag\u0173 vartojimo ir kitos prevencin\u0117s programos, sudarytos s\u0105lygos kiekvienam mokiniui dalyvauti bent vienoje nuoseklioje, ilgalaik\u0117je socialines ir emocines kompetencijas ugdan\u010dioje prevencin\u0117je programoje, apiman\u010dioje smurto, alkoholio, tabako ir kit\u0173 psichik\u0105 veikian\u010di\u0173 med\u017eiag\u0173 vartojimo prevencij\u0105 bei sveikos gyvensenos skatinim\u0105:<\/span><\/p>\n<p style=\"text-align: center;\"><span style=\"color: #000080;\"><strong>2024-2025 m. m.<\/strong><\/span><\/p>\n<p><span style=\"color: #000080;\"><a style=\"color: #000080;\" href=\"https:\/\/www.slovackio.vilniausr.lm.lt\/wp-content\/uploads\/photo.gif\" rel=\"lightbox[22863]\"><img loading=\"lazy\" decoding=\"async\" class=\"alignleft size-full wp-image-24864\" src=\"https:\/\/www.slovackio.vilniausr.lm.lt\/wp-content\/uploads\/photo.gif\" alt=\"\" width=\"80\" height=\"79\" srcset=\"https:\/\/www.slovackio.vilniausr.lm.lt\/wp-content\/uploads\/photo.gif 80w, https:\/\/www.slovackio.vilniausr.lm.lt\/wp-content\/uploads\/photo-75x75.gif 75w\" sizes=\"auto, (max-width: 80px) 100vw, 80px\" \/><\/a><\/span><\/p>\n<ol>\n<li style=\"text-align: justify;\"><span style=\"color: #000080;\"><strong>Prevencin\u0117 programa \u201eZipio draugai\u201c<\/strong>\u2013\u00a0<em>koordinator\u0117<\/em><em>\u00a0pradini\u0173 klasi\u0173 mokytoja Liudmila Lay\u0161evi\u010d. programoje dalyvauja 1-2 klas\u0117s mokiniai, prie\u0161mokyklinio ugdymo grup\u0117s vaikai.<\/em><\/span><\/li>\n<\/ol>\n<p style=\"text-align: justify;\"><span style=\"color: #000080;\">Tarptautin\u0117s programos \u201eZipio draugai\u201c tikslas &#8211; pad\u0117ti 5\u20137 met\u0173 vaikams \u012fgyti socialini\u0173 bei emocini\u0173 sunkum\u0173 \u012fveikimo geb\u0117jim\u0173, siekiant geresn\u0117s vaik\u0173 emocin\u0117s savijautos.<\/span><\/p>\n<p style=\"text-align: justify;\"><span style=\"color: #000080;\">Programa \u201eZipio draugai\u201c\u00a0<a style=\"color: #000080;\" href=\"https:\/\/www.vaikolabui.lt\/?page_id=859\">moko vaikus<\/a>, kaip \u012fveikti kasdienius emocinius sunkumus: atst\u016bmim\u0105, vienatv\u0119, paty\u010dias ar priekabiavim\u0105, sunkius poky\u010dius. Padeda suvokti ir skatina kalb\u0117ti apie savo jausmus, ie\u0161koti b\u016bd\u0173 su tais jausmais susitvarkyti. Moko vaikus empatijos, susirasti draug\u0173, kreiptis paramos ir j\u0105 priimti bei pad\u0117ti aplinkiniams. Padeda ne tik nesileisti b\u016bti paty\u010di\u0173 aukomis, \u00a0bet ir patiems netapti priekabiautojais.<\/span><\/p>\n<p><span style=\"color: #000080;\"><strong> <a style=\"color: #000080;\" href=\"https:\/\/www.slovackio.vilniausr.lm.lt\/wp-content\/uploads\/obolio.jpg\" rel=\"lightbox[22863]\"><img loading=\"lazy\" decoding=\"async\" class=\"alignleft size-thumbnail wp-image-24865\" src=\"https:\/\/www.slovackio.vilniausr.lm.lt\/wp-content\/uploads\/obolio-150x150.jpg\" alt=\"\" width=\"150\" height=\"150\" srcset=\"https:\/\/www.slovackio.vilniausr.lm.lt\/wp-content\/uploads\/obolio-150x150.jpg 150w, https:\/\/www.slovackio.vilniausr.lm.lt\/wp-content\/uploads\/obolio-90x90.jpg 90w, https:\/\/www.slovackio.vilniausr.lm.lt\/wp-content\/uploads\/obolio-75x75.jpg 75w\" sizes=\"auto, (max-width: 150px) 100vw, 150px\" \/><\/a><\/strong><\/span><\/p>\n<p><span style=\"color: #000080;\"><strong>\u00a0<\/strong><\/span><\/p>\n<ol start=\"2\">\n<li style=\"text-align: justify;\"><span style=\"color: #000080;\"><strong> Prevencin\u0117s programos ,,Obuolio draugai\u201d \u2013 koordinator\u0117 Tatiana Lachovi\u010d, dalyviai 3-4 klas\u0117s mokiniai<\/strong><\/span><\/li>\n<\/ol>\n<p><span style=\"color: #000080;\"><strong>\u00a0<\/strong><\/span><\/p>\n<p style=\"text-align: justify;\"><span style=\"color: #000080;\">Tarptautin\u0117\u00a0programa <em>\u201eObuolio draugai\u201c <\/em>yra svarbi vaiko ugdymui ir raidai, nes ugdo jo asmenines, socialines ir komunikavimo kompetencijas, kurios ne tik padeda palaikyti vaiko (asmens) ger\u0105 emocin\u0119 savijaut\u0105 ir kurti saug\u0173 draugi\u0161k\u0105 mikroklimat\u0105 ugdymo \u012fstaigoje, bet ir daro teigiam\u0105 \u012ftak\u0105 vaiko akademiniams pasiekimams.<\/span><\/p>\n<p style=\"text-align: justify;\"><span style=\"color: #000080;\">Programoje taikoma efektyvi\u0173 metod\u0173 sistema, tod\u0117l vaikai i\u0161moksta patys s\u0117kmingai \u012fveikti sunkumus ir stresus, ie\u0161koti socialiai priimtin\u0173 i\u0161ei\u010di\u0173 ir paramos, pad\u0117ti kitiems, prisiimti atsakomyb\u0119 u\u017e savo elges\u012f.<em><strong>\u00a0<\/strong><\/em><\/span><\/p>\n<p><span style=\"color: #000080;\"><em><strong> <a style=\"color: #000080;\" href=\"https:\/\/www.slovackio.vilniausr.lm.lt\/wp-content\/uploads\/iveikim-kartu.jpg\" rel=\"lightbox[22863]\"><img loading=\"lazy\" decoding=\"async\" class=\"alignleft size-thumbnail wp-image-24866\" src=\"https:\/\/www.slovackio.vilniausr.lm.lt\/wp-content\/uploads\/iveikim-kartu-150x150.jpg\" alt=\"\" width=\"150\" height=\"150\" srcset=\"https:\/\/www.slovackio.vilniausr.lm.lt\/wp-content\/uploads\/iveikim-kartu-150x150.jpg 150w, https:\/\/www.slovackio.vilniausr.lm.lt\/wp-content\/uploads\/iveikim-kartu-90x90.jpg 90w, https:\/\/www.slovackio.vilniausr.lm.lt\/wp-content\/uploads\/iveikim-kartu-75x75.jpg 75w\" sizes=\"auto, (max-width: 150px) 100vw, 150px\" \/><\/a><\/strong><\/em><\/span><\/p>\n<ol start=\"3\">\n<li style=\"text-align: justify;\"><span style=\"color: #000080;\"><strong>Prevencin\u0117s programos <em>\u201e\u012eveikiame kartu\u201c<\/em> \u2013 koordinator\u0117 Jolanta \u0160emien\u0117, dalyviai 5 klas\u0117s mokiniai.<\/strong><\/span><\/li>\n<\/ol>\n<p><span style=\"color: #000080;\"><strong>\u00a0<\/strong><\/span><\/p>\n<p style=\"text-align: justify;\"><span style=\"color: #000080;\"><em><strong>Programos tikslas<\/strong><\/em>\u00a0\u2013 ugdant pozityvius vaik\u0173 bendravimo ir emocini\u0173 sunkum\u0173 \u012fveikimo geb\u0117jimus, u\u017ekirsti keli\u0105 vaik\u0173 elgesio ir emocin\u0117ms problemoms.<\/span><\/p>\n<p style=\"text-align: justify;\"><span style=\"color: #000080;\">\u0160i ankstyvosios prevencijos programa skirta \u00a08-11 met\u0173 mokiniams. \u00a0Dalyvaudami programoje<strong><em>\u00a0<\/em><\/strong><a style=\"color: #000080;\" href=\"https:\/\/www.vaikolabui.lt\/?page_id=721\">vaikai mokosi<\/a><strong><em>\u00a0<\/em><\/strong>susivokti savo jausmuose, \u012f\u017evelgti sunkius jausmus suk\u0117lusias prie\u017eastis, savaranki\u0161kai rasti i\u0161eitis kebliose situacijose, neu\u017esiskl\u0119sti savyje, ta\u010diau vis daugiau problem\u0173 geb\u0117ti \u012fveikti savo j\u0117gomis.<\/span><\/p>\n<p>&nbsp;<\/p>\n<h4 style=\"text-align: center;\"><span style=\"color: #800000;\"><strong>Daugiau informacijos apie prevencij\u0105 \u0160vietimo, mokslo ir sporto ministerijos interneto svetain\u0117je:<\/strong><\/span><\/h4>\n<p><span style=\"color: #000080;\"><a style=\"color: #000080;\" href=\"https:\/\/smsm.lrv.lt\/lt\/veiklos-sritys-1\/smm-svietimas\/prevencija-mokyklose\/\">https:\/\/smsm.lrv.lt\/lt\/veiklos-sritys-1\/smm-svietimas\/prevencija-mokyklose\/<\/a><\/span><\/p>\n<p><span style=\"color: #000080;\">Smurto prevencijos \u012fgyvendinimo mokyklose rekomendacijos<\/span><\/p>\n<p><span style=\"color: #000080;\"><a style=\"color: #000080;\" href=\"https:\/\/www.e-tar.lt\/portal\/lt\/legalAct\/1da317500f9911e79800e8266c1e5d1b\">https:\/\/www.e-tar.lt\/portal\/lt\/legalAct\/1da317500f9911e79800e8266c1e5d1b<\/a><\/span><\/p>\n<p><span style=\"color: #000080;\">Rekomenduojamos prevencin\u0117s programos:<\/span><\/p>\n<p><span style=\"color: #000080;\"><a style=\"color: #000080;\" href=\"https:\/\/smsm.lrv.lt\/lt\/veiklos-sritys-1\/smm-svietimas\/prevencija-mokyklose\/prevencines-programos\/\">https:\/\/smsm.lrv.lt\/lt\/veiklos-sritys-1\/smm-svietimas\/prevencija-mokyklose\/prevencines-programos\/<\/a><\/span><\/p>\n<p>&nbsp;<\/p>\n<p>&nbsp;<\/p>\n<p style=\"text-align: center;\">\n<p><\/p>","protected":false},"excerpt":{"rendered":"<p>GAIR\u0116S T\u0116VAMS: kaip apsaugoti vaik\u0105 nuo pavojing\u0173 i\u0161\u0161\u016bki\u0173 socialiniuose tinkluose Prevencin\u0117 veikla gimnazijoje 2025-2026 m.m. gimnazijoje vykdoma smurto prie\u0161 vaikus programa \u201eEsame saug\u016bs\u201c 1-8, I-IVG klasi\u0173 mokiniams. Daugiau: Smurto prie\u0161 vaikus prevencijos programa \u201eEsame saug\u016bs\u201c Programos koordinator\u0117 gimnazijoje &#8211; biologijos mokytoja Jolanta \u0160emien\u0117 \u00a0 Alkoholio, tabako ir kit\u0173 psichik\u0105 veikian\u010di\u0173 med\u017eiag\u0173 vartojimo prevencijos programa https:\/\/www.e-tar.lt\/portal\/lt\/legalAct\/TAR.C8B5956EC3A8 Gimnazijoje veikia elektronin\u0117 platforma, skirta<\/p>\n","protected":false},"author":1,"featured_media":0,"parent":108,"menu_order":8,"comment_status":"closed","ping_status":"closed","template":"","meta":{"footnotes":""},"class_list":["post-22863","page","type-page","status-publish","hentry"],"jetpack_sharing_enabled":true,"_links":{"self":[{"href":"https:\/\/www.slovackio.vilniausr.lm.lt\/index.php?rest_route=\/wp\/v2\/pages\/22863","targetHints":{"allow":["GET"]}}],"collection":[{"href":"https:\/\/www.slovackio.vilniausr.lm.lt\/index.php?rest_route=\/wp\/v2\/pages"}],"about":[{"href":"https:\/\/www.slovackio.vilniausr.lm.lt\/index.php?rest_route=\/wp\/v2\/types\/page"}],"author":[{"embeddable":true,"href":"https:\/\/www.slovackio.vilniausr.lm.lt\/index.php?rest_route=\/wp\/v2\/users\/1"}],"replies":[{"embeddable":true,"href":"https:\/\/www.slovackio.vilniausr.lm.lt\/index.php?rest_route=%2Fwp%2Fv2%2Fcomments&post=22863"}],"version-history":[{"count":56,"href":"https:\/\/www.slovackio.vilniausr.lm.lt\/index.php?rest_route=\/wp\/v2\/pages\/22863\/revisions"}],"predecessor-version":[{"id":33319,"href":"https:\/\/www.slovackio.vilniausr.lm.lt\/index.php?rest_route=\/wp\/v2\/pages\/22863\/revisions\/33319"}],"up":[{"embeddable":true,"href":"https:\/\/www.slovackio.vilniausr.lm.lt\/index.php?rest_route=\/wp\/v2\/pages\/108"}],"wp:attachment":[{"href":"https:\/\/www.slovackio.vilniausr.lm.lt\/index.php?rest_route=%2Fwp%2Fv2%2Fmedia&parent=22863"}],"curies":[{"name":"wp","href":"https:\/\/api.w.org\/{rel}","templated":true}]}}