{"id":19085,"date":"2019-10-08T10:33:20","date_gmt":"2019-10-08T08:33:20","guid":{"rendered":"http:\/\/www.slovackio.vilniausr.lm.lt\/?page_id=19085"},"modified":"2025-09-11T17:10:56","modified_gmt":"2025-09-11T15:10:56","slug":"priesmokyklinis-ugdymas","status":"publish","type":"page","link":"https:\/\/www.slovackio.vilniausr.lm.lt\/?page_id=19085","title":{"rendered":"Prie\u0161mokyklinis ugdymas"},"content":{"rendered":"<p><span style=\"color: #0000ff;\"><span style=\"color: #000080;\"><strong>Prie\u0161mokyklinio ugdymo paskirtis<\/strong><\/span> \u2013<\/span> pad\u0117ti vaikui pasirengti s\u0117kmingai mokytis pagal pradinio ugdymo program\u0105.<\/p>\n<p><span style=\"color: #003300;\"><strong>Prie\u0161mokyklinio ugdymo grup\u0117 \u201eNyk\u0161tukas&#8221; veikia pagal IV model\u012f. <\/strong><\/span><\/p>\n<p><span style=\"color: #000080;\"><strong>Darbo laiko trukm\u0117 &#8211; 10,5 val. Ugdymo kalba &#8211; lenk\u0173.<\/strong><\/span><\/p>\n<p><span style=\"color: #000080;\"><strong>Prie\u0161mokyklinio ugdymo mokytojos<\/strong> <\/span>&#8211; Inesa Mackevi\u010d, Ana Fedorovi\u010d, Tatjana Liachovi\u010d<\/p>\n<p><strong><span style=\"color: #000080;\">Mokytojo pad\u0117j\u0117ja<\/span><\/strong> &#8211; Ana Me\u017eanec.<\/p>\n<p>Prie\u0161mokyklinis ugdymas gimnazijoje organizuojamas remiantis:<\/p>\n<p>Prie\u0161mokyklinio ugdymo tvarkos apra\u0161u<\/p>\n<p><span style=\"color: #000080;\"><u><a style=\"color: #000080;\" href=\"https:\/\/www.e-tar.lt\/portal\/lt\/legalAct\/TAR.3BD8DC009FDA\">https:\/\/www.e-tar.lt\/portal\/lt\/legalAct\/TAR.3BD8DC009FDA;<\/a><\/u><\/span><\/p>\n<p>Prie\u0161mokyklinio ugdymo bendr\u0105ja programa<\/p>\n<p><span style=\"color: #000080;\"><u><a style=\"color: #000080;\" href=\"https:\/\/www.e-tar.lt\/portal\/lt\/legalAct\/1a764050239511edb4cae1b158f98ea5\">https:\/\/www.e-tar.lt\/portal\/lt\/legalAct\/1a764050239511edb4cae1b158f98ea5;<\/a><\/u><\/span><\/p>\n<p>Vilniaus rajono savivaldyb\u0117s ikimokyklinio ir bendrojo ugdymo mokykl\u0173 prie\u0161mokyklinio ugdymo organizavimo modeli\u0173 apra\u0161u<\/p>\n<p><span style=\"color: #000080;\"><u><a style=\"color: #000080;\" href=\"https:\/\/www.e-tar.lt\/portal\/lt\/legalAct\/64b306c0ba0111eb8c24980b2b0e0fef\">https:\/\/www.e-tar.lt\/portal\/lt\/legalAct\/64b306c0ba0111eb8c24980b2b0e0fef.<\/a><\/u><\/span><\/p>\n<p><strong>Vaiko ugdymo ir ugdymosi poreiki\u0173, pa\u017eangos \u012fvertinimo tvarkos apra\u0161as<\/strong><\/p>\n<p><span style=\"color: #000080;\"><u><a style=\"color: #000080;\" href=\"https:\/\/www.e-tar.lt\/portal\/lt\/legalAct\/ab192f1066de11eca9ac839120d251c4\">https:\/\/www.e-tar.lt\/portal\/lt\/legalAct\/ab192f1066de11eca9ac839120d251c4<\/a><\/u><\/span><\/p>\n<p style=\"text-align: justify;\">nustato vaiko, kuriam prie\u0161mokyklinis ugdymas buvo prad\u0117tas teikti anks\u010diau t\u0117v\u0173 (glob\u0117j\u0173) sprendimu, bet ne anks\u010diau, negu vaikui sueina 5 metai (i\u0161skyrus vaik\u0105, kuris pagal prie\u0161mokyklinio ugdymo bendr\u0105j\u0105 program\u0105 buvo prad\u0117tas ugdyti, kai jam tais kalendoriniais metais su\u0117jo 6 metai), ugdymo ir ugdymosi poreiki\u0173, pa\u017eangos vertinimo eig\u0105.<\/p>\n<p style=\"text-align: justify;\"><strong>Mokestis u\u017e vaiko maitinim\u0105<\/strong> ir ugdymo reikmi\u0173 tenkinim\u0105 apskai\u010diuojamas remiantis Mokes\u010dio u\u017e vaiko maitinim\u0105 ir ugdymo reikmi\u0173 tenkinim\u0105 Vilniaus rajono savivaldyb\u0117s \u0161vietimo \u012fstaigose, \u012fgyvendinan\u010diose ikimokyklinio ir prie\u0161mokyklinio ugdymo programas, nustatymo tvarkos apra\u0161u:<\/p>\n<p><span style=\"color: #000080;\"><u><a style=\"color: #000080;\" href=\"https:\/\/www.e-tar.lt\/portal\/lt\/legalAct\/7bf8d610608d11e79198ffdb108a3753\/asr\">https:\/\/www.e-tar.lt\/portal\/lt\/legalAct\/7bf8d610608d11e79198ffdb108a3753\/asr<\/a><\/u><\/span><\/p>\n<p>Prie\u0161mokyklinio ugdymo grup\u0117se vadovaujam\u0117s Lietuvos higienos norma HN 75:2016 \u201eIkimokyklinio ir prie\u0161mokyklinio ugdymo program\u0173 vykdymo bendrieji sveikatos saugos reikalavimai\u201c<span style=\"color: #000080;\"> <u><a style=\"color: #000080;\" href=\"https:\/\/www.e-tar.lt\/portal\/lt\/legalAct\/TAR.AF02472A1EBF\">https:\/\/www.e-tar.lt\/portal\/lt\/legalAct\/TAR.AF02472A1EBF<\/a><\/u><\/span><\/p>\n<p>Daugiau informacijos apie prie\u0161mokyklin\u012f ugdym\u0105 Vilniaus rajono savivaldyb\u0117s interneto svetain\u0117je:<\/p>\n<p><u><a href=\"https:\/\/www.vrsa.lt\/svietimas\/ikimokyklinis-ir-priesmokyklinis-ugdymas\/437\">https:\/\/www.vrsa.lt\/svietimas\/ikimokyklinis-ir-priesmokyklinis-ugdymas\/437<\/a><\/u> bei<\/p>\n<p>\u0160vietimo, mokslo ir sporto ministerijos interneto svetain\u0117je:<\/p>\n<p><a href=\"https:\/\/smsm.lrv.lt\/lt\/veiklos-sritys-1\/smm-svietimas\/svietimas-priesmokyklinis-ugdymas\/\">https:\/\/smsm.lrv.lt\/lt\/veiklos-sritys-1\/smm-svietimas\/svietimas-priesmokyklinis-ugdymas\/<\/a><\/p>\n<p><strong>Vaiko brandum\u0105 mokyklai<\/strong> nustato Vilniaus rajono pedagogin\u0117 psichologin\u0117 tarnyba <u><a href=\"https:\/\/ppt.vrsa.lt\/\">https:\/\/ppt.vrsa.lt<\/a><\/u><\/p>\n<p>&nbsp;<\/p>\n<p>&nbsp;<\/p>\n<p>&nbsp;<\/p>","protected":false},"excerpt":{"rendered":"<p>Prie\u0161mokyklinio ugdymo paskirtis \u2013 pad\u0117ti vaikui pasirengti s\u0117kmingai mokytis pagal pradinio ugdymo program\u0105. Prie\u0161mokyklinio ugdymo grup\u0117 \u201eNyk\u0161tukas&#8221; veikia pagal IV model\u012f. Darbo laiko trukm\u0117 &#8211; 10,5 val. Ugdymo kalba &#8211; lenk\u0173. Prie\u0161mokyklinio ugdymo mokytojos &#8211; Inesa Mackevi\u010d, Ana Fedorovi\u010d, Tatjana Liachovi\u010d Mokytojo pad\u0117j\u0117ja &#8211; Ana Me\u017eanec. Prie\u0161mokyklinis ugdymas gimnazijoje organizuojamas remiantis: Prie\u0161mokyklinio ugdymo tvarkos apra\u0161u https:\/\/www.e-tar.lt\/portal\/lt\/legalAct\/TAR.3BD8DC009FDA; Prie\u0161mokyklinio ugdymo bendr\u0105ja programa<\/p>\n","protected":false},"author":1,"featured_media":0,"parent":108,"menu_order":2,"comment_status":"closed","ping_status":"closed","template":"","meta":{"footnotes":""},"class_list":["post-19085","page","type-page","status-publish","hentry"],"jetpack_sharing_enabled":true,"_links":{"self":[{"href":"https:\/\/www.slovackio.vilniausr.lm.lt\/index.php?rest_route=\/wp\/v2\/pages\/19085","targetHints":{"allow":["GET"]}}],"collection":[{"href":"https:\/\/www.slovackio.vilniausr.lm.lt\/index.php?rest_route=\/wp\/v2\/pages"}],"about":[{"href":"https:\/\/www.slovackio.vilniausr.lm.lt\/index.php?rest_route=\/wp\/v2\/types\/page"}],"author":[{"embeddable":true,"href":"https:\/\/www.slovackio.vilniausr.lm.lt\/index.php?rest_route=\/wp\/v2\/users\/1"}],"replies":[{"embeddable":true,"href":"https:\/\/www.slovackio.vilniausr.lm.lt\/index.php?rest_route=%2Fwp%2Fv2%2Fcomments&post=19085"}],"version-history":[{"count":44,"href":"https:\/\/www.slovackio.vilniausr.lm.lt\/index.php?rest_route=\/wp\/v2\/pages\/19085\/revisions"}],"predecessor-version":[{"id":33316,"href":"https:\/\/www.slovackio.vilniausr.lm.lt\/index.php?rest_route=\/wp\/v2\/pages\/19085\/revisions\/33316"}],"up":[{"embeddable":true,"href":"https:\/\/www.slovackio.vilniausr.lm.lt\/index.php?rest_route=\/wp\/v2\/pages\/108"}],"wp:attachment":[{"href":"https:\/\/www.slovackio.vilniausr.lm.lt\/index.php?rest_route=%2Fwp%2Fv2%2Fmedia&parent=19085"}],"curies":[{"name":"wp","href":"https:\/\/api.w.org\/{rel}","templated":true}]}}