{"id":17601,"date":"2018-12-02T21:49:06","date_gmt":"2018-12-02T19:49:06","guid":{"rendered":"http:\/\/www.slovackio.vilniausr.lm.lt\/?page_id=17601"},"modified":"2023-05-18T16:44:55","modified_gmt":"2023-05-18T14:44:55","slug":"polski-informacija","status":"publish","type":"page","link":"https:\/\/www.slovackio.vilniausr.lm.lt\/?page_id=17601","title":{"rendered":"Teisin\u0117 informacija"},"content":{"rendered":"<p><span style=\"color: #000080;\"><strong><a style=\"color: #000080;\" href=\"https:\/\/www.e-tar.lt\/portal\/lt\/legalAct\/TAR.47BB952431DA\">Lietuvos Respublikos&nbsp;Konstitucija<\/a><\/strong><\/span><\/p>\n<p><span style=\"color: #000080;\"><strong><a style=\"color: #000080;\" href=\"https:\/\/www.e-tar.lt\/portal\/lt\/legalAct\/f6d686707e7011e6b969d7ae07280e89\/asr\">Lietuvos Respublikos&nbsp;darbo kodeksas<\/a><\/strong><\/span><\/p>\n<p><span style=\"color: #000080;\"><strong><a style=\"color: #000080;\" href=\"https:\/\/e-seimas.lrs.lt\/portal\/legalAct\/lt\/TAD\/TAIS.107687\">Lietuvos Respublikos&nbsp;civilinis kodeksas<\/a><\/strong><\/span><\/p>\n<p><span style=\"color: #000080;\"><strong><a style=\"color: #000080;\" href=\"https:\/\/e-seimas.lrs.lt\/portal\/legalAct\/lt\/TAD\/TAIS.395105\/ZPzOxUEnvH\">Lietuvos Respublikos&nbsp;\u0161vietimo \u012fstatymas<\/a><\/strong><\/span><\/p>\n<p><span style=\"color: #000080;\"><strong><a style=\"color: #000080;\" href=\"https:\/\/e-seimas.lrs.lt\/portal\/legalAct\/lt\/TAD\/TAIS.364294\">Lietuvos Respublikos&nbsp;biud\u017eetini\u0173 \u012fstaig\u0173 \u012fstatymas<\/a><\/strong><\/span><\/p>\n<p><span style=\"color: #000080;\"><strong><a style=\"color: #000080;\" href=\"https:\/\/e-seimas.lrs.lt\/portal\/legalAct\/lt\/TAD\/TAIS.26397\/OvkEsLGdBc?positionInSearchResults=0&amp;searchModelUUID=dd19f59e-18c3-4b24-9651-d3afaac6845f\">Lietuvos Respublikos&nbsp;vaiko teisi\u0173 apsaugos pagrind\u0173 \u012fstatymas<\/a><\/strong><\/span><\/p>\n<p><span style=\"color: #000080;\"><strong><a style=\"color: #000080;\" href=\"https:\/\/www.e-tar.lt\/portal\/lt\/legalAct\/70593dd04a7311e6b5d09300a16a686c\">Lietuvos Respublikos&nbsp;vaiko minimalios ir vidutin\u0117s prie\u017ei\u016bros \u012fstatymo pakeitimo \u012fstatymas<\/a><\/strong><\/span><\/p>\n<p><span style=\"color: #000080;\"><strong><a style=\"color: #000080;\" href=\"https:\/\/www.e-tar.lt\/portal\/lt\/legalAct\/b1fb6cc089d911e397b5c02d3197f382\">Lietuvos Respublikos&nbsp;Seimo&nbsp;nutarimas&nbsp;d\u0117l valstybin\u0117s \u0161vietimo 2013\u20132022 strategijos patvirtinimo<\/a><\/strong><\/span><\/p>\n<p><span style=\"color: #000080;\"><strong><a style=\"color: #000080;\" href=\"https:\/\/www.e-tar.lt\/portal\/lt\/legalAct\/ff02b070087d11e79ba1ee3112ade9bc\">Lietuvos Respublikos sveikatos apsaugos ministro&nbsp;\u012fsakymas&nbsp;\u201eD\u0117l Lietuvos higienos normos HN 21:2017 \u201eMokykla, vykdanti bendrojo ugdymo programas. Bendrieji sveikatos saugos reikalavimai\u201c patvirtinimo\u201c<\/a><\/strong><\/span><\/p>\n<p><span style=\"color: #000080;\"><strong><a style=\"color: #000080;\" href=\"https:\/\/www.e-tar.lt\/portal\/lt\/legalAct\/2d8b78b0e79411e68503b67e3b82e8bd\/CcHQCVvmQb\">Lietuvos Respublikos valstyb\u0117s ir savivaldybi\u0173 \u012fstaig\u0173 darbuotoj\u0173 darbo apmok\u0117jimo&nbsp;\u012fstatymas<\/a><\/strong><\/span><\/p>\n<p><span style=\"color: #000080;\"><strong><a style=\"color: #000080;\" href=\"https:\/\/www.e-tar.lt\/portal\/lt\/legalAct\/TAR.FA13E28615F6\/asr\">Lietuvos Respublikos teis\u0117s gauti informacij\u0105 ir duomen\u0173 pakartotinio naudojimo \u012fstatymas<\/a><\/strong><\/span><\/p>","protected":false},"excerpt":{"rendered":"<p>Lietuvos Respublikos&nbsp;Konstitucija Lietuvos Respublikos&nbsp;darbo kodeksas Lietuvos Respublikos&nbsp;civilinis kodeksas Lietuvos Respublikos&nbsp;\u0161vietimo \u012fstatymas Lietuvos Respublikos&nbsp;biud\u017eetini\u0173 \u012fstaig\u0173 \u012fstatymas Lietuvos Respublikos&nbsp;vaiko teisi\u0173 apsaugos pagrind\u0173 \u012fstatymas Lietuvos Respublikos&nbsp;vaiko minimalios ir vidutin\u0117s prie\u017ei\u016bros \u012fstatymo pakeitimo \u012fstatymas Lietuvos Respublikos&nbsp;Seimo&nbsp;nutarimas&nbsp;d\u0117l valstybin\u0117s \u0161vietimo 2013\u20132022 strategijos patvirtinimo Lietuvos Respublikos sveikatos apsaugos ministro&nbsp;\u012fsakymas&nbsp;\u201eD\u0117l Lietuvos higienos normos HN 21:2017 \u201eMokykla, vykdanti bendrojo ugdymo programas. Bendrieji sveikatos saugos reikalavimai\u201c patvirtinimo\u201c Lietuvos Respublikos valstyb\u0117s<\/p>\n","protected":false},"author":1,"featured_media":0,"parent":0,"menu_order":2,"comment_status":"closed","ping_status":"closed","template":"","meta":{"footnotes":""},"class_list":["post-17601","page","type-page","status-publish","hentry"],"jetpack_sharing_enabled":true,"_links":{"self":[{"href":"https:\/\/www.slovackio.vilniausr.lm.lt\/index.php?rest_route=\/wp\/v2\/pages\/17601","targetHints":{"allow":["GET"]}}],"collection":[{"href":"https:\/\/www.slovackio.vilniausr.lm.lt\/index.php?rest_route=\/wp\/v2\/pages"}],"about":[{"href":"https:\/\/www.slovackio.vilniausr.lm.lt\/index.php?rest_route=\/wp\/v2\/types\/page"}],"author":[{"embeddable":true,"href":"https:\/\/www.slovackio.vilniausr.lm.lt\/index.php?rest_route=\/wp\/v2\/users\/1"}],"replies":[{"embeddable":true,"href":"https:\/\/www.slovackio.vilniausr.lm.lt\/index.php?rest_route=%2Fwp%2Fv2%2Fcomments&post=17601"}],"version-history":[{"count":17,"href":"https:\/\/www.slovackio.vilniausr.lm.lt\/index.php?rest_route=\/wp\/v2\/pages\/17601\/revisions"}],"predecessor-version":[{"id":26653,"href":"https:\/\/www.slovackio.vilniausr.lm.lt\/index.php?rest_route=\/wp\/v2\/pages\/17601\/revisions\/26653"}],"wp:attachment":[{"href":"https:\/\/www.slovackio.vilniausr.lm.lt\/index.php?rest_route=%2Fwp%2Fv2%2Fmedia&parent=17601"}],"curies":[{"name":"wp","href":"https:\/\/api.w.org\/{rel}","templated":true}]}}