{"id":152,"date":"2009-11-27T10:40:30","date_gmt":"2009-11-27T07:40:30","guid":{"rendered":"http:\/\/www2089.vu.lt\/?page_id=152"},"modified":"2025-09-11T16:54:06","modified_gmt":"2025-09-11T14:54:06","slug":"mokyklos-administracija","status":"publish","type":"page","link":"https:\/\/www.slovackio.vilniausr.lm.lt\/?page_id=152","title":{"rendered":"Vadovai"},"content":{"rendered":"<p><\/p>\n<h5 style=\"text-align: left;\"><strong style=\"color: #800000; font-size: 0.95em;\">Vilniaus r. Bezdoni\u0173 Julijaus Slovackio <\/strong><strong style=\"color: #800000; font-size: 0.95em;\">gimnazijos direktor\u0117 Veslava Voini\u010d<\/strong><\/h5>\n<p style=\"text-align: center;\"><img loading=\"lazy\" decoding=\"async\" class=\"size-thumbnail wp-image-5612 alignnone alignleft\" title=\"IMG_1498\" src=\"https:\/\/www.slovackio.vilniausr.lm.lt\/wp-content\/uploads\/2009\/11\/IMG_1498-150x150.jpg\" alt=\"\" width=\"150\" height=\"150\" \/><\/p>\n<p>&nbsp;<\/p>\n<p>&nbsp;<\/p>\n<p>&nbsp;<\/p>\n<p>&nbsp;<\/p>\n<p>&nbsp;<\/p>\n<address>\u00a0<\/address>\n<address><span style=\"color: #000080;\"><strong>Telefonas:<\/strong> <span style=\"color: #333399;\">(0-5) 2696 438<\/span>, +37064028759<\/span><\/address>\n<address><span style=\"color: #000080;\"><strong>El. pa\u0161tas: <\/strong><a style=\"color: #000080;\" href=\"mailto:vidurine@slovackio.vilniausr.lm.lt\">gimnazija@slovackio.vilniausr.lm.lt<\/a><\/span><\/address>\n<p><span style=\"color: #800000;\"><strong>Pri\u0117mimo valandos: <\/strong><\/span><span style=\"color: #000080;\"><span style=\"font-size: 0.95em;\">antradienis &#8211; 15.00-17.30, <\/span><span style=\"font-size: 0.95em;\">ketvirtadienis &#8211; 8.00-10.00<\/span><\/span><\/p>\n<p><span style=\"color: #000080;\"><strong>Darbo laikas:<\/strong><\/span><\/p>\n<ul>\n<li><strong><span style=\"color: #800000;\">Pirmadienis &#8211;<\/span><\/strong> 7<span style=\"color: #000080;\">:30-16:00<\/span><\/li>\n<li><strong><span style=\"color: #800000;\">Antradienis &#8211; <\/span><\/strong>7<span style=\"font-size: 0.95em; color: #000080;\">:30-17:30<\/span><\/li>\n<li><strong><span style=\"color: #800000;\">Tre\u010diadienis &#8211;<\/span><\/strong>7<span style=\"font-size: 0.95em; color: #000080;\">:30-17:00<\/span><\/li>\n<li><strong><span style=\"color: #800000;\">ketvirtadienis &#8211;<\/span><\/strong><span style=\"color: #000080;\">7:30-17:30<\/span><\/li>\n<li><strong><span style=\"color: #800000;\">Penktadienis &#8211;<\/span> <\/strong><span style=\"color: #000080;\">7:30-16:00<\/span><\/li>\n<\/ul>\n<p><span style=\"color: #800000;\"><strong>Galima registracija i\u0161 anksto telefonu:<\/strong><span style=\"color: #000080;\"> +37064028759<\/span><\/span><\/p>\n<p style=\"text-align: left;\"><span style=\"color: #008000;\"><strong><a style=\"color: #008000;\" href=\"https:\/\/www.slovackio.vilniausr.lm.lt\/wp-content\/uploads\/2009\/11\/gyvenimo-aprasymas-1.docx\">Gyvenimo apra\u0161ymas\u00a0 \u00a0 \u00a0 \u00a0<\/a>Darbotvark\u0117\u00a0 \u00a0 \u00a0<span style=\"color: #008000;\"> <a style=\"color: #008000;\" href=\"https:\/\/www.slovackio.vilniausr.lm.lt\/wp-content\/uploads\/Direktores-metu-veiklos-ataskaita.pdf\">Direktor\u0117s 2024 met\u0173 veiklos ataskaita<\/a><\/span><a style=\"color: #008000;\" href=\"https:\/\/www.slovackio.vilniausr.lm.lt\/wp-content\/uploads\/Direktores-2022-metu-veiklos-ataskaita-1-1.docx\"><span style=\"color: #008000;\">\u00a0<\/span>\u00a0 \u00a0 <\/a><a style=\"color: #008000;\" href=\"https:\/\/www.slovackio.vilniausr.lm.lt\/wp-content\/uploads\/Bezdoniu-JSG-direktoriaus-PA.docx\">Pareigyb\u0117s apra\u0161ymas<\/a><\/strong><\/span><\/p>\n<p>&nbsp;<\/p>\n<h5><span style=\"color: #800000;\"><strong>Direktoriaus pavaduotoja ugdymui <\/strong><strong>Lilija Gaje<\/strong><strong>vska<\/strong><\/span><\/h5>\n<p style=\"text-align: center;\"><img loading=\"lazy\" decoding=\"async\" class=\"size-thumbnail wp-image-5613 alignleft\" title=\"IMG_1499 gaj\" src=\"https:\/\/www.slovackio.vilniausr.lm.lt\/wp-content\/uploads\/2009\/11\/IMG_1499-gaj-150x150.jpg\" alt=\"\" width=\"150\" height=\"150\" \/><\/p>\n<h3 style=\"text-align: left;\"><\/h3>\n<p>&nbsp;<\/p>\n<p>&nbsp;<\/p>\n<p>&nbsp;<\/p>\n<address>\u00a0<\/address>\n<address>\u00a0<\/address>\n<address><span style=\"color: #000080;\">Telefonas:<span style=\"color: #333399;\">(0-5) 2696 438<\/span><\/span><\/address>\n<address><span style=\"color: #000080;\"><strong>el. pa\u0161tas: <span style=\"font-size: 0.95em;\">lilija.gajevska@slovackio.vilniausr.lm.lt<\/span><\/strong><\/span><\/p>\n<div class=\"layout-align-space-between-center layout-row\"><\/div>\n<section class=\"sg-account-section layout-column\">\n<div class=\"sg-quota\" aria-hidden=\"false\">\n<div class=\"md-container md-mode-determinate\"><span style=\"color: #000080;\"><strong><a style=\"color: #000080;\" href=\"mailto:vidurine@slovackio.vilniausr.lm.lt\">\u00a0 <\/a><\/strong><\/span><span style=\"color: #000080;\"><strong>Darbo laikas:<\/strong><\/span><\/div>\n<\/div>\n<\/section>\n<\/address>\n<p><strong><span style=\"color: #800000;\">Pirmadienis &#8211;<\/span><\/strong> <span style=\"color: #000080;\">7:30-17:00<\/span><\/p>\n<p><strong><span style=\"color: #800000;\">Antradienis &#8211; <\/span><\/strong><span style=\"color: #000080;\">7:40-16:40<\/span><\/p>\n<p><span style=\"color: #800000;\"><strong>Tre\u010diadienis &#8211; <\/strong><span style=\"color: #000080;\">7:30-17:00<\/span><\/span><\/p>\n<p><strong><span style=\"color: #800000;\">Ketvirtadienis &#8211;<\/span><\/strong> <span style=\"color: #000080;\">7:45-16:45<\/span><\/p>\n<p><strong><span style=\"color: #800000;\">Penktadienis &#8211;<\/span> <\/strong><span style=\"color: #000080;\">12:00-16:00<\/span><\/p>\n<h5 style=\"text-align: left;\"><span style=\"color: #800000;\"><strong>\u016akio ved\u0117jas <\/strong><strong>Ivan Savel<\/strong><\/span><\/h5>\n<p><span style=\"color: #000080;\"><strong>Darbo laikas:<\/strong><\/span><\/p>\n<p><strong><span style=\"color: #800000;\">Pirmadienis &#8211;<\/span><span style=\"color: #800000;\"> penktadienis &#8211;<\/span> <\/strong>7:30-16:00<\/p>\n<address><span style=\"color: #000080;\">telefonas: <span style=\"color: #333399;\">(0-5) 2696 438<\/span><\/span><\/address>\n<p><span style=\"color: #000080;\"><strong><a style=\"color: #000080;\" href=\"mailto:vidurine@slovackio.vilniausr.lm.lt\">E-mail: <\/a><span style=\"font-size: 0.95em;\">ivan.savel@slovackio.vilniausr.lm.lt<\/span><\/strong><\/span><\/p>","protected":false},"excerpt":{"rendered":"<p>Vilniaus r. Bezdoni\u0173 Julijaus Slovackio gimnazijos direktor\u0117 Veslava Voini\u010d &nbsp; &nbsp; &nbsp; &nbsp; &nbsp; \u00a0 Telefonas: (0-5) 2696 438, +37064028759 El. pa\u0161tas: gimnazija@slovackio.vilniausr.lm.lt Pri\u0117mimo valandos: antradienis &#8211; 15.00-17.30, ketvirtadienis &#8211; 8.00-10.00 Darbo laikas: Pirmadienis &#8211; 7:30-16:00 Antradienis &#8211; 7:30-17:30 Tre\u010diadienis &#8211;7:30-17:00 ketvirtadienis &#8211;7:30-17:30 Penktadienis &#8211; 7:30-16:00 Galima registracija i\u0161 anksto telefonu: +37064028759 Gyvenimo apra\u0161ymas\u00a0 \u00a0 \u00a0 \u00a0Darbotvark\u0117\u00a0 \u00a0 \u00a0 Direktor\u0117s<\/p>\n","protected":false},"author":1,"featured_media":0,"parent":30,"menu_order":1,"comment_status":"closed","ping_status":"closed","template":"template-fullwidth.php","meta":{"footnotes":""},"class_list":["post-152","page","type-page","status-publish","hentry"],"jetpack_sharing_enabled":true,"_links":{"self":[{"href":"https:\/\/www.slovackio.vilniausr.lm.lt\/index.php?rest_route=\/wp\/v2\/pages\/152","targetHints":{"allow":["GET"]}}],"collection":[{"href":"https:\/\/www.slovackio.vilniausr.lm.lt\/index.php?rest_route=\/wp\/v2\/pages"}],"about":[{"href":"https:\/\/www.slovackio.vilniausr.lm.lt\/index.php?rest_route=\/wp\/v2\/types\/page"}],"author":[{"embeddable":true,"href":"https:\/\/www.slovackio.vilniausr.lm.lt\/index.php?rest_route=\/wp\/v2\/users\/1"}],"replies":[{"embeddable":true,"href":"https:\/\/www.slovackio.vilniausr.lm.lt\/index.php?rest_route=%2Fwp%2Fv2%2Fcomments&post=152"}],"version-history":[{"count":130,"href":"https:\/\/www.slovackio.vilniausr.lm.lt\/index.php?rest_route=\/wp\/v2\/pages\/152\/revisions"}],"predecessor-version":[{"id":33310,"href":"https:\/\/www.slovackio.vilniausr.lm.lt\/index.php?rest_route=\/wp\/v2\/pages\/152\/revisions\/33310"}],"up":[{"embeddable":true,"href":"https:\/\/www.slovackio.vilniausr.lm.lt\/index.php?rest_route=\/wp\/v2\/pages\/30"}],"wp:attachment":[{"href":"https:\/\/www.slovackio.vilniausr.lm.lt\/index.php?rest_route=%2Fwp%2Fv2%2Fmedia&parent=152"}],"curies":[{"name":"wp","href":"https:\/\/api.w.org\/{rel}","templated":true}]}}