{"id":13014,"date":"2017-10-03T22:04:08","date_gmt":"2017-10-03T20:04:08","guid":{"rendered":"http:\/\/www.slovackio.vilniausr.lm.lt\/?page_id=13014"},"modified":"2026-03-12T21:06:41","modified_gmt":"2026-03-12T19:06:41","slug":"gimnazijos-biudzetas","status":"publish","type":"page","link":"https:\/\/www.slovackio.vilniausr.lm.lt\/?page_id=13014","title":{"rendered":"Finansini\u0173 ataskait\u0173 rinkiniai"},"content":{"rendered":"<p><\/p>\n<h6><a href=\"https:\/\/www.slovackio.vilniausr.lm.lt\/wp-content\/uploads\/Samatos-vykdymo-ataskaita-4VB025.pdf\">Samatos vykdymo ataskaita &#8211; 4VB025<\/a><\/h6>\n<h6><a href=\"https:\/\/www.slovackio.vilniausr.lm.lt\/wp-content\/uploads\/Samatos-vykdymo-ataskaita-Mokiniu-pavezejimas.pdf\">Samatos vykdymo ataskaita &#8211; Mokiniu pavezejimas<\/a><\/h6>\n<h6><a href=\"https:\/\/www.slovackio.vilniausr.lm.lt\/wp-content\/uploads\/Samatos-vykdymo-ataskaita-5BI7M.pdf\">Samatos vykdymo ataskaita -5BI7M<\/a><\/h6>\n<h6><a href=\"https:\/\/www.slovackio.vilniausr.lm.lt\/wp-content\/uploads\/Samatos-vykdymo-ataskaita-5BI6.pdf\">Samatos vykdymo ataskaita &#8211; 5BI6<\/a><\/h6>\n<h6><a href=\"https:\/\/www.slovackio.vilniausr.lm.lt\/wp-content\/uploads\/Samatos-vykdymo-ataskaita-Vasaros-poilsis-.pdf\">Samatos vykdymo ataskaita &#8211; Vasaros poilsis<\/a><\/h6>\n<h6><a href=\"https:\/\/www.slovackio.vilniausr.lm.lt\/wp-content\/uploads\/Samatos-vykdymo-ataskaita-5BI7.pdf\">Samatos vykdymo ataskaita &#8211; 5BI7<\/a><\/h6>\n<h6><a href=\"https:\/\/www.slovackio.vilniausr.lm.lt\/wp-content\/uploads\/Samatos-vykdymo-ataskaita-nemokamas-maitinimas.pdf\">Samatos vykdymo ataskaita &#8211; nemokamas maitinimas<\/a><\/h6>\n<h6><a href=\"https:\/\/www.slovackio.vilniausr.lm.lt\/wp-content\/uploads\/Samatos-vykdymo-ataskaita-pedagogu-optimizavimas-.pdf\">Samatos vykdymo ataskaita &#8211; pedagogu optimizavimas<\/a><\/h6>\n<h6><a href=\"https:\/\/www.slovackio.vilniausr.lm.lt\/wp-content\/uploads\/Samatos-vykdymo-ataskaita-SB.pdf\">Samatos vykdymo ataskaita &#8211; SB<\/a><\/h6>\n<h6><a href=\"https:\/\/www.slovackio.vilniausr.lm.lt\/wp-content\/uploads\/Samatos-vykdymo-ataskaita-MK.pdf\">Samatos vykdymo ataskaita &#8211; MK<\/a><\/h6>\n<h6><a href=\"https:\/\/www.slovackio.vilniausr.lm.lt\/wp-content\/uploads\/Samatos-vykdymo-ataskaita-5BI6-1.pdf\">Samatos vykdymo ataskaita &#8211; 5BI6 (1)<\/a><\/h6>\n<h6><a href=\"https:\/\/www.slovackio.vilniausr.lm.lt\/wp-content\/uploads\/Samatos-vykdymo-ataskaita-dalyvaujamasis-biudzetas.pdf\">Samatos vykdymo ataskaita &#8211; dalyvaujamasis biudzetas<\/a><\/h6>\n<h6><a href=\"https:\/\/www.slovackio.vilniausr.lm.lt\/wp-content\/uploads\/Samatos-vykdymo-ataskaita-finansavimas-ukrainieciams-.pdf\">Samatos vykdymo ataskaita &#8211; finansavimas ukrainieciams<\/a><\/h6>\n<h6><a href=\"https:\/\/www.slovackio.vilniausr.lm.lt\/wp-content\/uploads\/Priedas-prie-biudzeto-ataskaitu-2025-m.pdf\">Priedas prie biud\u017eeto ataskait\u0173, 2025 m.<\/a><\/h6>\n<h6><a href=\"https:\/\/www.slovackio.vilniausr.lm.lt\/wp-content\/uploads\/Aiskinamasis-rastas-prie-biudzeto-ataskaitu-2025-m.pdf\">Ai\u0161kinamasis ra\u0161tas prie biud\u017eeto ataskait\u0173 2025 m.<\/a><\/h6>\n<h6><a href=\"https:\/\/www.slovackio.vilniausr.lm.lt\/wp-content\/uploads\/FAR-ataskaitu-rininys-su-parasais.pdf\">2024 met\u0173 finansini\u0173 ataskait\u0173 rinkinys<\/a><\/h6>\n<h6><a href=\"https:\/\/www.slovackio.vilniausr.lm.lt\/wp-content\/uploads\/Finansiniu-ataskaitu-rinkinys-1.pdf\">2023 met\u0173 finansini\u0173 ataskait\u0173 rinkinys<\/a><\/h6>\n<h6><a href=\"https:\/\/www.slovackio.vilniausr.lm.lt\/wp-content\/uploads\/2022-metu-finansiniu-ataskaitu-rinkinys.pdf\">2022 met\u0173 finansini\u0173 ataskait\u0173 rinkinys<\/a><\/h6>\n<h6><a href=\"https:\/\/www.slovackio.vilniausr.lm.lt\/wp-content\/uploads\/Aiskinamasis-rastas.pdf\">2021 met\u0173 finansini\u0173 ataskait\u0173 rinkinys<\/a><\/h6>\n<h6><a href=\"https:\/\/www.slovackio.vilniausr.lm.lt\/wp-content\/uploads\/Bezdoniu-vaiku-darzelis.pdf\">2020 met\u0173 finansini\u0173 ataskait\u0173 rinkinys<\/a> (skyrius)<\/h6>\n<h6><a href=\"https:\/\/www.slovackio.vilniausr.lm.lt\/wp-content\/uploads\/Bezdoniu-J.-Slovackio-gimnazija.pdf\">2020 met\u0173 finansini\u0173 ataskait\u0173 rinkinys<\/a> (gimnazija)<\/h6>\n<h6><a href=\"https:\/\/www.slovackio.vilniausr.lm.lt\/wp-content\/uploads\/Finansini\u0173-ataskait\u0173-rinkinys-2019-1.pdf\">2019 met\u0173 finansini\u0173 ataskait\u0173 rinkinys (1)<\/a><\/h6>\n<h6><a href=\"https:\/\/www.slovackio.vilniausr.lm.lt\/wp-content\/uploads\/Finansini\u0173-ataskait\u0173-rinkinys-2019-2.pdf\">2019 met\u0173 finansini\u0173 ataskait\u0173 rinkinys (2)<\/a><\/h6>\n<h6><a href=\"https:\/\/www.slovackio.vilniausr.lm.lt\/wp-content\/uploads\/2014\/09\/2016-met\u0173-finansin\u0117-ataskaita.zip\">2016 met\u0173 finansin\u0117s ataskaitos rinkinys<\/a><\/h6>\n<p><strong><a href=\"https:\/\/www.slovackio.vilniausr.lm.lt\/wp-content\/uploads\/Finansiniu-ataskaitu-rinkinys.pdf\">2017 met\u0173 finansin\u0117s ataskaitos rinkinys<\/a><\/strong><\/p>","protected":false},"excerpt":{"rendered":"<p>Samatos vykdymo ataskaita &#8211; 4VB025 Samatos vykdymo ataskaita &#8211; Mokiniu pavezejimas Samatos vykdymo ataskaita -5BI7M Samatos vykdymo ataskaita &#8211; 5BI6 Samatos vykdymo ataskaita &#8211; Vasaros poilsis Samatos vykdymo ataskaita &#8211; 5BI7 Samatos vykdymo ataskaita &#8211; nemokamas maitinimas Samatos vykdymo ataskaita &#8211; pedagogu optimizavimas Samatos vykdymo ataskaita &#8211; SB Samatos vykdymo ataskaita &#8211; MK Samatos vykdymo ataskaita &#8211; 5BI6 (1) Samatos<\/p>\n","protected":false},"author":1,"featured_media":0,"parent":6206,"menu_order":6,"comment_status":"closed","ping_status":"closed","template":"","meta":{"footnotes":""},"class_list":["post-13014","page","type-page","status-publish","hentry"],"jetpack_sharing_enabled":true,"_links":{"self":[{"href":"https:\/\/www.slovackio.vilniausr.lm.lt\/index.php?rest_route=\/wp\/v2\/pages\/13014","targetHints":{"allow":["GET"]}}],"collection":[{"href":"https:\/\/www.slovackio.vilniausr.lm.lt\/index.php?rest_route=\/wp\/v2\/pages"}],"about":[{"href":"https:\/\/www.slovackio.vilniausr.lm.lt\/index.php?rest_route=\/wp\/v2\/types\/page"}],"author":[{"embeddable":true,"href":"https:\/\/www.slovackio.vilniausr.lm.lt\/index.php?rest_route=\/wp\/v2\/users\/1"}],"replies":[{"embeddable":true,"href":"https:\/\/www.slovackio.vilniausr.lm.lt\/index.php?rest_route=%2Fwp%2Fv2%2Fcomments&post=13014"}],"version-history":[{"count":29,"href":"https:\/\/www.slovackio.vilniausr.lm.lt\/index.php?rest_route=\/wp\/v2\/pages\/13014\/revisions"}],"predecessor-version":[{"id":34978,"href":"https:\/\/www.slovackio.vilniausr.lm.lt\/index.php?rest_route=\/wp\/v2\/pages\/13014\/revisions\/34978"}],"up":[{"embeddable":true,"href":"https:\/\/www.slovackio.vilniausr.lm.lt\/index.php?rest_route=\/wp\/v2\/pages\/6206"}],"wp:attachment":[{"href":"https:\/\/www.slovackio.vilniausr.lm.lt\/index.php?rest_route=%2Fwp%2Fv2%2Fmedia&parent=13014"}],"curies":[{"name":"wp","href":"https:\/\/api.w.org\/{rel}","templated":true}]}}